{"id":16293,"date":"2023-07-27T06:48:07","date_gmt":"2023-07-27T06:48:07","guid":{"rendered":"https:\/\/shop.devepu.apollo.wpspace.me\/?post_type=product&#038;p=16293"},"modified":"2026-02-04T20:32:34","modified_gmt":"2026-02-04T19:32:34","slug":"aloe-vera-gel-2","status":"publish","type":"product","link":"https:\/\/shapeline.at\/hu\/termek\/aloe-vera-gel-2\/","title":{"rendered":"Aloe Vera g\u00e9l 150ml"},"content":{"rendered":"<p>A <strong>Aloe vera g\u00e9l<\/strong> rendk\u00edv\u00fcl hat\u00e9kony n\u00f6v\u00e9nyi alap\u00fa \u00f6sszetev\u0151ket tartalmaz, amelyek minden nap m\u00e9ly hidrat\u00e1l\u00e1st biztos\u00edtanak \u00d6nnek:<\/p>\n<ul>\n<li>nagyon hat\u00e9kony \u00f6reged\u00e9sg\u00e1tl\u00f3 kr\u00e9m,<\/li>\n<li>Semleges\u00edti a szabad gy\u00f6k\u00f6ket<\/li>\n<li>er\u0151s\u00edti a b\u0151rt<\/li>\n<\/ul>\n<h3><strong>\u00d6sszetev\u0151k<\/strong><\/h3>\n<p>A magas aloe vera tartalom regener\u00e1l \u00e9s feszes\u00edt, m\u00edg a kaktusz n\u00f6v\u00e9nyb\u0151l sz\u00e1rmaz\u00f3 enzimek gazdag nedvess\u00e9get biztos\u00edtanak. A g\u00e9l alkalmaz\u00e1sa megakad\u00e1lyozza a nedvess\u00e9gveszt\u00e9st.<\/p>\n<h3><strong>Alkalmaz\u00e1s<\/strong><\/h3>\n<p>Reggel \u00e9s este, lehet\u0151leg zuhanyz\u00e1s ut\u00e1n nagyvonal\u00faan kenje be a b\u0151r\u00e9t az aloe vera g\u00e9llel.<\/p>\n<h3><strong>\u00c1bra szak\u00e9rt\u0151i tipp<\/strong><\/h3>\n<h5>\u00cdzes\u00edtett kr\u00e9m<\/h5>\n<p>Keverje \u00f6ssze aromaolajainkat 1:1 ar\u00e1nyban az aloe vera g\u00e9llel a tenyer\u00e9ben, hogy l\u00e1gy, kr\u00e9mes massz\u00e1t kapjon. A \"k\u00fasz\u00f3 tulajdons\u00e1gnak\", azaz a kismolekul\u00e1j\u00fa aromaolajok viszkoelasztikus tulajdons\u00e1gainak k\u00f6sz\u00f6nhet\u0151en a kr\u00e9mben l\u00e9v\u0151 hat\u00f3anyagok behatolnak a sz\u00f6vetek legm\u00e9lyebb r\u00e9tegeibe, ez\u00e1ltal sokszorosan feler\u0151s\u00edtve a hat\u00e1st.<\/p>\n<h5><strong>After Sun Mix<\/strong><\/h5>\n<p>K\u00e9nyeztesse b\u0151r\u00e9t a hosszas napoz\u00e1s ut\u00e1n. Ezut\u00e1n keverje \u00f6ssze a <strong>Narancsos avok\u00e1d\u00f3 \u00edz\u0171 olaj<\/strong> az aloe vera g\u00e9llel, \u00e9s alkalmazza ezt a rendk\u00edv\u00fcl hat\u00e9kony kever\u00e9ket a napbarn\u00edtott b\u0151r\u00e9re. \u00c9rezni fogja, ahogy a b\u0151re h\u00e1l\u00e1san mag\u00e1ba sz\u00edvja a nedvess\u00e9get, \u00e9s \u00fajra sima \u00e9s feszes lesz. Ha le\u00e9gt\u00e9l a napon, t\u00f6bbsz\u00f6r is alkalmazd a kever\u00e9ket.<\/p>\n<h5><strong>Anti Aging<\/strong><\/h5>\n<p>Keverje \u00f6ssze a <strong>Vadvir\u00e1g aromaolaj<\/strong> az aloe vera g\u00e9llel. Ezt a kever\u00e9ket hetente 2-3 alkalommal nagyvonal\u00faan vigye fel a f\u00e1radt vagy \u00e9rdes b\u0151rfel\u00fcletekre. 30 perc eltelt\u00e9vel massz\u00edrozza be a marad\u00e9kot. M\u00e1r n\u00e9h\u00e1ny h\u00e9t m\u00falva fiatalos, feszes arcb\u0151rben gy\u00f6ny\u00f6rk\u00f6dhet.<\/p>\n<h5><strong>Hegkezel\u00e9s \u00e9s r\u00e1nctalan\u00edt\u00e1s<\/strong><\/h5>\n<p>Az aloe vera g\u00e9l a <strong>B\u00fazacs\u00edraolaj<\/strong> Ez lehet\u0151v\u00e9 teszi, hogy a gy\u00f3gy\u00edt\u00f3 hat\u00f3anyagok m\u00e9g m\u00e9lyebbre hatoljanak. Ezt a rendk\u00edv\u00fcl hat\u00e9kony kever\u00e9ket reggel \u00e9s este nagyvonal\u00fa k\u00f6rk\u00f6r\u00f6s mozdulatokkal, lassan massz\u00edrozva vigye fel az \u00e9rintett testr\u00e9szekre. Az eredm\u00e9nyek meg fogj\u00e1k lepni.<\/p>","protected":false},"excerpt":{"rendered":"<p>Az aloe vera g\u00e9l rendk\u00edv\u00fcl hat\u00e9kony n\u00f6v\u00e9nyi alap\u00fa \u00f6sszetev\u0151ket tartalmaz, amelyek m\u00e9lyen hidrat\u00e1lj\u00e1k \u00d6nt minden nap: nagyon hat\u00e9kony \u00f6reged\u00e9sg\u00e1tl\u00f3 kr\u00e9m, semleges\u00edti a szabad gy\u00f6k\u00f6ket.<\/p>","protected":false},"featured_media":16939,"template":"","meta":[],"product_brand":[],"product_cat":[73],"product_tag":[79,80,76],"class_list":{"0":"post-16293","1":"product","2":"type-product","3":"status-publish","4":"has-post-thumbnail","6":"product_cat-pflegeprodukte","7":"product_tag-gel","8":"product_tag-koerper","9":"product_tag-pflege","11":"first","12":"instock","13":"taxable","14":"shipping-taxable","15":"purchasable","16":"product-type-simple"},"supplier_id":null,"supplier_sku":"","barcode":null,"atum_controlled":true,"out_stock_date":null,"out_stock_threshold":null,"inheritable":false,"inbound_stock":0,"stock_on_hold":0,"sold_today":0,"sales_last_days":0,"reserved_stock":0,"customer_returns":0,"warehouse_damage":0,"lost_in_post":0,"other_logs":0,"out_stock_days":0,"lost_sales":0,"has_location":false,"update_date":"2026-04-26T00:03:40","atum_locations":[],"atum_stock_status":"instock","restock_status":false,"low_stock_amount":"","sales_update_date":"2026-04-26T00:03:40","calc_backorders":null,"_links":{"self":[{"href":"https:\/\/shapeline.at\/hu\/wp-json\/wp\/v2\/product\/16293","targetHints":{"allow":["GET"]}}],"collection":[{"href":"https:\/\/shapeline.at\/hu\/wp-json\/wp\/v2\/product"}],"about":[{"href":"https:\/\/shapeline.at\/hu\/wp-json\/wp\/v2\/types\/product"}],"version-history":[{"count":16,"href":"https:\/\/shapeline.at\/hu\/wp-json\/wp\/v2\/product\/16293\/revisions"}],"predecessor-version":[{"id":241659,"href":"https:\/\/shapeline.at\/hu\/wp-json\/wp\/v2\/product\/16293\/revisions\/241659"}],"wp:featuredmedia":[{"embeddable":true,"href":"https:\/\/shapeline.at\/hu\/wp-json\/wp\/v2\/media\/16939"}],"wp:attachment":[{"href":"https:\/\/shapeline.at\/hu\/wp-json\/wp\/v2\/media?parent=16293"}],"wp:term":[{"taxonomy":"product_brand","embeddable":true,"href":"https:\/\/shapeline.at\/hu\/wp-json\/wp\/v2\/product_brand?post=16293"},{"taxonomy":"product_cat","embeddable":true,"href":"https:\/\/shapeline.at\/hu\/wp-json\/wp\/v2\/product_cat?post=16293"},{"taxonomy":"product_tag","embeddable":true,"href":"https:\/\/shapeline.at\/hu\/wp-json\/wp\/v2\/product_tag?post=16293"}],"curies":[{"name":"wp","href":"https:\/\/api.w.org\/{rel}","templated":true}]}}

Aloe Vera gél 150ml

<p>A <strong>Aloe vera gél</strong> rendkívül hatékony növényi alapú összetevőket tartalmaz, amelyek minden nap mély hidratálást biztosítanak Önnek:</p>
<ul>
<li>nagyon hatékony öregedésgátló krém,</li>
<li>Semlegesíti a szabad gyököket</li>
<li>erősíti a bőrt</li>
</ul>
<h3><strong>Összetevők</strong></h3>
<p>A magas aloe vera tartalom regenerál és feszesít, míg a kaktusz növényből származó enzimek gazdag nedvességet biztosítanak. A gél alkalmazása megakadályozza a nedvességvesztést.</p>
<h3><strong>Alkalmazás</strong></h3>
<p>Reggel és este, lehetőleg zuhanyzás után nagyvonalúan kenje be a bőrét az aloe vera géllel.</p>
<h3><strong>Ábra szakértői tipp</strong></h3>
<h5>Ízesített krém</h5>
<p>Keverje össze aromaolajainkat 1:1 arányban az aloe vera géllel a tenyerében, hogy lágy, krémes masszát kapjon. A "kúszó tulajdonságnak", azaz a kismolekulájú aromaolajok viszkoelasztikus tulajdonságainak köszönhetően a krémben lévő hatóanyagok behatolnak a szövetek legmélyebb rétegeibe, ezáltal sokszorosan felerősítve a hatást.</p>
<h5><strong>After Sun Mix</strong></h5>
<p>Kényeztesse bőrét a hosszas napozás után. Ezután keverje össze a <strong>Narancsos avokádó ízű olaj</strong> az aloe vera géllel, és alkalmazza ezt a rendkívül hatékony keveréket a napbarnított bőrére. Érezni fogja, ahogy a bőre hálásan magába szívja a nedvességet, és újra sima és feszes lesz. Ha leégtél a napon, többször is alkalmazd a keveréket.</p>
<h5><strong>Anti Aging</strong></h5>
<p>Keverje össze a <strong>Vadvirág aromaolaj</strong> az aloe vera géllel. Ezt a keveréket hetente 2-3 alkalommal nagyvonalúan vigye fel a fáradt vagy érdes bőrfelületekre. 30 perc elteltével masszírozza be a maradékot. Már néhány hét múlva fiatalos, feszes arcbőrben gyönyörködhet.</p>
<h5><strong>Hegkezelés és ránctalanítás</strong></h5>
<p>Az aloe vera gél a <strong>Búzacsíraolaj</strong> Ez lehetővé teszi, hogy a gyógyító hatóanyagok még mélyebbre hatoljanak. Ezt a rendkívül hatékony keveréket reggel és este nagyvonalú körkörös mozdulatokkal, lassan masszírozva vigye fel az érintett testrészekre. Az eredmények meg fogják lepni.</p>

<p>Az aloe vera gél rendkívül hatékony növényi alapú összetevőket tartalmaz, amelyek mélyen hidratálják Önt minden nap: nagyon hatékony öregedésgátló krém, semlegesíti a szabad gyököket.</p>
