{"id":16294,"date":"2023-07-27T06:48:07","date_gmt":"2023-07-27T06:48:07","guid":{"rendered":"https:\/\/shop.devepu.apollo.wpspace.me\/?post_type=product&#038;p=16294"},"modified":"2026-01-03T00:07:12","modified_gmt":"2026-01-02T23:07:12","slug":"vadvirag-aromaolaj","status":"publish","type":"product","link":"https:\/\/shapeline.at\/hu\/termek\/vadvirag-aromaolaj\/","title":{"rendered":"Vadvir\u00e1g aromaolaj 100ml"},"content":{"rendered":"<h3><strong>Az \u00e9rintetlen term\u00e9szet erej\u00e9vel<\/strong><\/h3>\n<p>Ez a gazdag vadvir\u00e1g aromaolaj k\u00fcl\u00f6n\u00f6sen hosszantart\u00f3 m\u00f3don regener\u00e1lja a b\u0151rt. A feszes\u00edt\u0151 vir\u00e1golajok \u00e9s nyirokstimul\u00e1l\u00f3 gy\u00f3gyn\u00f6v\u00e9nyolajok kokt\u00e9lja revitaliz\u00e1lja \u00e9s \u00e9l\u00e9nk\u00edti a b\u0151rt. Cs\u00f6kkenti a narancsb\u0151rt \u00e9s a boka \u00e9s a v\u00e1dli duzzanat\u00e1t,<\/p>\n<ul>\n<li>Kisim\u00edtja a r\u00e1ncos b\u0151rt<\/li>\n<li>Er\u0151s\u00edti \u00e9s feszes\u00edti a megereszkedett sz\u00f6veteket<\/li>\n<li>seg\u00edt a narancsb\u0151r ellen<\/li>\n<li>nyirokstimul\u00e1l\u00f3 hat\u00e1s\u00fa<\/li>\n<\/ul>\n<h3><strong>\u00d6sszetev\u0151k<\/strong><\/h3>\n<h5><strong>Egy csokor gy\u00f3gyn\u00f6v\u00e9ny<\/strong><\/h5>\n<p><strong>Indiai kardamom<\/strong> serkenti, <strong>Lovage<\/strong> revitaliz\u00e1l \u00e9s toniz\u00e1l, <strong>Orb\u00e1ncf\u0171 vir\u00e1g<\/strong> dinamiz\u00e1lt, arom\u00e1s olajok a<strong> Kutyar\u00f3zsa <\/strong>meg\u0151rzi a nedvess\u00e9get, az olajokat a<strong> K\u00f6r\u00f6mvir\u00e1g<\/strong>e kisim\u00edtja a b\u0151rt.<\/p>\n<h5>Az adu\u00e1sz: az arg\u00e1nia<\/h5>\n<p>A vadvir\u00e1golajunk vadonat\u00faj receptje a h\u00edres <strong>Arganolaj <\/strong>vegyesen. Az arg\u00e1nolaj t\u00e1mogatja a b\u0151r v\u00e9d\u0151g\u00e1tj\u00e1t \u00e9s szab\u00e1lyozza a b\u0151r nedvess\u00e9gh\u00e1ztart\u00e1s\u00e1t. A linolsavat tartalmaz\u00f3 olaj biztos\u00edtja a b\u0151r optim\u00e1lis hidrat\u00e1l\u00e1s\u00e1t, ez\u00e9rt minden b\u0151rt\u00edpusra, de k\u00fcl\u00f6n\u00f6sen a sz\u00e1raz b\u0151rre ide\u00e1lis.<\/p>\n<p>Felh\u00edvjuk figyelm\u00e9t, hogy ez az olaj t\u00fal alacsony h\u0151m\u00e9rs\u00e9kleten elkezd pelyhesedni. Melegen azonban ism\u00e9t foly\u00e9konny\u00e1 v\u00e1lik. Ha teh\u00e1t hossz\u00fa ideig tart\u00f3 \u00e1ll\u00e1st k\u00f6vet\u0151en apr\u00f3 lerak\u00f3d\u00e1sokat \u00e9szlel az \u00fcvegben. <strong>Arganolaj<\/strong> ez csak annak a jele, hogy a <strong>Arganolaj<\/strong> kezeletlen, \u00e9s csak finomra sz\u0171rt. A szakm\u00e1ban \"lerak\u00f3d\u00e1snak\" nevezett \u00fcled\u00e9k nem jelent min\u0151s\u00e9groml\u00e1st, hanem a term\u00e9k term\u00e9szetes, hagyom\u00e1nyos, g\u00e9pi pr\u00e9sel\u00e9s n\u00e9lk\u00fcli el\u0151\u00e1ll\u00edt\u00e1si m\u00f3dj\u00e1t jelzi. A palack felbont\u00e1sa el\u0151tti felr\u00e1z\u00e1s az \u00fcled\u00e9ket \u00fajra feloldja.<\/p>\n<h3><strong>Alkalmaz\u00e1s<\/strong><\/h3>\n<p>Az olaj alkalmaz\u00e1sa rendk\u00edv\u00fcl egyszer\u0171, csak naponta egyszer vagy k\u00e9tszer kell felvinni az \u00e9rintett ter\u00fcletekre.<\/p>\n<h3><strong>\u00c1bra szak\u00e9rt\u0151i tipp<\/strong><\/h3>\n<h5><strong>Rendk\u00edv\u00fcl hat\u00e9kony du\u00f3k<\/strong><\/h5>\n<p>Keverje \u00f6ssze a vadvir\u00e1golajat a tenyer\u00e9ben 1:1 ar\u00e1nyban b\u00e1rmilyen olajjal, kr\u00e9mmel vagy g\u00e9llel, hogy l\u00e1gy \u00e9s kr\u00e9mes massz\u00e1t kapjon. A kismolekul\u00e1j\u00fa aromaolajok \"k\u00fasz\u00f3 tulajdons\u00e1g\u00e1nak\" k\u00f6sz\u00f6nhet\u0151en az adott anyag hat\u00f3anyagai behatolnak a k\u00f6t\u0151sz\u00f6vet legm\u00e9lyebb r\u00e9tegeibe, \u00e9s \u00edgy sokszorosan feler\u0151s\u00edtik a hat\u00e1st.<\/p>\n<h5><strong>Mondjon b\u00facs\u00fat a narancsb\u0151rnek<\/strong><\/h5>\n<p>Keverj\u00fck \u00f6ssze a vadvir\u00e1golajat a <strong>Cellu jav\u00edt\u00f3 g\u00e9l<\/strong> \u00e9s minden reggel massz\u00edrozza be a kr\u00e9mes massz\u00e1t az \u00e9rintett ter\u00fcletekre. Ez fokozza a napk\u00f6zbeni h\u0151hat\u00e1st. B\u0151re hamarosan \u00e9rezhet\u0151en sim\u00e1bbnak \u00e9s egyenletesebbnek fog t\u0171nni, k\u00fcl\u00f6n\u00f6sen a combj\u00e1n \u00e9s a fenek\u00e9n.<\/p>\n<p>Vagy keverj\u00fck \u00f6ssze a vadvir\u00e1golajat a <strong>Gy\u00f3gyn\u00f6v\u00e9nyes akt\u00edv Cellu g\u00e9l<\/strong> ki. Minden este massz\u00edrozza be ezt a kever\u00e9ket az \u00e9rintett ter\u00fcletekre. Az alkalmaz\u00e1s fokozza az \u00e9jszakai m\u00e9regtelen\u00edt\u00e9st. A b\u0151r feszesebb\u00e9 \u00e9s egyenletesebb\u00e9 v\u00e1lik, k\u00fcl\u00f6n\u00f6sen a combokon \u00e9s a fen\u00e9ken.<\/p>\n<h5><strong>K\u00f6nny\u0171 l\u00e1bak a \"neh\u00e9z l\u00e1bnyomok\" helyett<\/strong><\/h5>\n<p>Reszelj\u00fck le a vadvir\u00e1golaj \u00e9s a <strong>Ny\u00edrfa nyirokg\u00e9l<\/strong>a bels\u0151 bok\u00e1n\u00e1l kezdve eg\u00e9szen az \u00e1gy\u00e9khajlatig. \u00cdgy a hat\u00f3anyagok m\u00e9g m\u00e9lyebbre jutnak a nyirokcsom\u00f3k ment\u00e9n, \u00e9s az eredm\u00e9nyek meglep\u0151en gyorsan \u00e9rezhet\u0151ek.<\/p>\n<h5><strong>Feszes\u00edt\u0151 du\u00f3 a megereszkedett z\u00f3n\u00e1k ellen<\/strong><\/h5>\n<p>Massz\u00edrozzuk be a vadvir\u00e1golaj \u00e9s egy cseresznye nagys\u00e1g\u00fa mennyis\u00e9g vadvir\u00e1golaj kever\u00e9k\u00e9t. <strong>Jojoba-fah\u00e9j feszes\u00edt\u0151 g\u00e9lek<\/strong> naponta a f\u00fcrd\u00e9s ut\u00e1n enyhe nyom\u00e1ssal a megereszkedett ter\u00fcletekre. Ez egy egyszer\u0171 m\u00f3dja a narancsb\u0151r \u00e9s a cs\u00fanya g\u00f6dr\u00f6csk\u00e9k elleni k\u00fczdelemnek.<\/p>","protected":false},"excerpt":{"rendered":"<h3><strong>Az \u00e9rintetlen term\u00e9szet erej\u00e9vel<\/strong><\/h3>\n<p>Ez a gazdag vadvir\u00e1g aromaolaj k\u00fcl\u00f6n\u00f6sen hosszantart\u00f3 m\u00f3don regener\u00e1lja a b\u0151rt. A feszes\u00edt\u0151 vir\u00e1golajok \u00e9s nyirokstimul\u00e1l\u00f3 gy\u00f3gyn\u00f6v\u00e9nyolajok kokt\u00e9lja revitaliz\u00e1lja \u00e9s \u00e9l\u00e9nk\u00edti a b\u0151rt. Cs\u00f6kkenti a narancsb\u0151rt \u00e9s a boka \u00e9s a v\u00e1dli duzzanat\u00e1t,<\/p>\n<ul>\n<li>Kisim\u00edtja a r\u00e1ncos b\u0151rt<\/li>\n<li>Er\u0151s\u00edti \u00e9s feszes\u00edti a megereszkedett sz\u00f6veteket<\/li>\n<li>seg\u00edt a narancsb\u0151r ellen<\/li>\n<li>nyirokstimul\u00e1l\u00f3 hat\u00e1s\u00fa<\/li>\n<\/ul>","protected":false},"featured_media":16937,"template":"","meta":[],"product_brand":[],"product_cat":[270],"product_tag":[],"class_list":{"0":"post-16294","1":"product","2":"type-product","3":"status-publish","4":"has-post-thumbnail","6":"product_cat-aetherischebodyoele","8":"first","9":"instock","10":"taxable","11":"shipping-taxable","12":"purchasable","13":"product-type-simple"},"_links":{"self":[{"href":"https:\/\/shapeline.at\/hu\/wp-json\/wp\/v2\/product\/16294","targetHints":{"allow":["GET"]}}],"collection":[{"href":"https:\/\/shapeline.at\/hu\/wp-json\/wp\/v2\/product"}],"about":[{"href":"https:\/\/shapeline.at\/hu\/wp-json\/wp\/v2\/types\/product"}],"version-history":[{"count":8,"href":"https:\/\/shapeline.at\/hu\/wp-json\/wp\/v2\/product\/16294\/revisions"}],"predecessor-version":[{"id":246634,"href":"https:\/\/shapeline.at\/hu\/wp-json\/wp\/v2\/product\/16294\/revisions\/246634"}],"wp:featuredmedia":[{"embeddable":true,"href":"https:\/\/shapeline.at\/hu\/wp-json\/wp\/v2\/media\/16937"}],"wp:attachment":[{"href":"https:\/\/shapeline.at\/hu\/wp-json\/wp\/v2\/media?parent=16294"}],"wp:term":[{"taxonomy":"product_brand","embeddable":true,"href":"https:\/\/shapeline.at\/hu\/wp-json\/wp\/v2\/product_brand?post=16294"},{"taxonomy":"product_cat","embeddable":true,"href":"https:\/\/shapeline.at\/hu\/wp-json\/wp\/v2\/product_cat?post=16294"},{"taxonomy":"product_tag","embeddable":true,"href":"https:\/\/shapeline.at\/hu\/wp-json\/wp\/v2\/product_tag?post=16294"}],"curies":[{"name":"wp","href":"https:\/\/api.w.org\/{rel}","templated":true}]}}

Vadvirág aromaolaj 100ml

<h3><strong>Az érintetlen természet erejével</strong></h3>
<p>Ez a gazdag vadvirág aromaolaj különösen hosszantartó módon regenerálja a bőrt. A feszesítő virágolajok és nyirokstimuláló gyógynövényolajok koktélja revitalizálja és élénkíti a bőrt. Csökkenti a narancsbőrt és a boka és a vádli duzzanatát,</p>
<ul>
<li>Kisimítja a ráncos bőrt</li>
<li>Erősíti és feszesíti a megereszkedett szöveteket</li>
<li>segít a narancsbőr ellen</li>
<li>nyirokstimuláló hatású</li>
</ul>
<h3><strong>Összetevők</strong></h3>
<h5><strong>Egy csokor gyógynövény</strong></h5>
<p><strong>Indiai kardamom</strong> serkenti, <strong>Lovage</strong> revitalizál és tonizál, <strong>Orbáncfű virág</strong> dinamizált, aromás olajok a<strong> Kutyarózsa </strong>megőrzi a nedvességet, az olajokat a<strong> Körömvirág</strong>e kisimítja a bőrt.</p>
<h5>Az aduász: az argánia</h5>
<p>A vadvirágolajunk vadonatúj receptje a híres <strong>Arganolaj </strong>vegyesen. Az argánolaj támogatja a bőr védőgátját és szabályozza a bőr nedvességháztartását. A linolsavat tartalmazó olaj biztosítja a bőr optimális hidratálását, ezért minden bőrtípusra, de különösen a száraz bőrre ideális.</p>
<p>Felhívjuk figyelmét, hogy ez az olaj túl alacsony hőmérsékleten elkezd pelyhesedni. Melegen azonban ismét folyékonnyá válik. Ha tehát hosszú ideig tartó állást követően apró lerakódásokat észlel az üvegben. <strong>Arganolaj</strong> ez csak annak a jele, hogy a <strong>Arganolaj</strong> kezeletlen, és csak finomra szűrt. A szakmában "lerakódásnak" nevezett üledék nem jelent minőségromlást, hanem a termék természetes, hagyományos, gépi préselés nélküli előállítási módját jelzi. A palack felbontása előtti felrázás az üledéket újra feloldja.</p>
<h3><strong>Alkalmazás</strong></h3>
<p>Az olaj alkalmazása rendkívül egyszerű, csak naponta egyszer vagy kétszer kell felvinni az érintett területekre.</p>
<h3><strong>Ábra szakértői tipp</strong></h3>
<h5><strong>Rendkívül hatékony duók</strong></h5>
<p>Keverje össze a vadvirágolajat a tenyerében 1:1 arányban bármilyen olajjal, krémmel vagy géllel, hogy lágy és krémes masszát kapjon. A kismolekulájú aromaolajok "kúszó tulajdonságának" köszönhetően az adott anyag hatóanyagai behatolnak a kötőszövet legmélyebb rétegeibe, és így sokszorosan felerősítik a hatást.</p>
<h5><strong>Mondjon búcsút a narancsbőrnek</strong></h5>
<p>Keverjük össze a vadvirágolajat a <strong>Cellu javító gél</strong> és minden reggel masszírozza be a krémes masszát az érintett területekre. Ez fokozza a napközbeni hőhatást. Bőre hamarosan érezhetően simábbnak és egyenletesebbnek fog tűnni, különösen a combján és a fenekén.</p>
<p>Vagy keverjük össze a vadvirágolajat a <strong>Gyógynövényes aktív Cellu gél</strong> ki. Minden este masszírozza be ezt a keveréket az érintett területekre. Az alkalmazás fokozza az éjszakai méregtelenítést. A bőr feszesebbé és egyenletesebbé válik, különösen a combokon és a fenéken.</p>
<h5><strong>Könnyű lábak a "nehéz lábnyomok" helyett</strong></h5>
<p>Reszeljük le a vadvirágolaj és a <strong>Nyírfa nyirokgél</strong>a belső bokánál kezdve egészen az ágyékhajlatig. Így a hatóanyagok még mélyebbre jutnak a nyirokcsomók mentén, és az eredmények meglepően gyorsan érezhetőek.</p>
<h5><strong>Feszesítő duó a megereszkedett zónák ellen</strong></h5>
<p>Masszírozzuk be a vadvirágolaj és egy cseresznye nagyságú mennyiség vadvirágolaj keverékét. <strong>Jojoba-fahéj feszesítő gélek</strong> naponta a fürdés után enyhe nyomással a megereszkedett területekre. Ez egy egyszerű módja a narancsbőr és a csúnya gödröcskék elleni küzdelemnek.</p>

<h3><strong>Az érintetlen természet erejével</strong></h3>
<p>Ez a gazdag vadvirág aromaolaj különösen hosszantartó módon regenerálja a bőrt. A feszesítő virágolajok és nyirokstimuláló gyógynövényolajok koktélja revitalizálja és élénkíti a bőrt. Csökkenti a narancsbőrt és a boka és a vádli duzzanatát,</p>
<ul>
<li>Kisimítja a ráncos bőrt</li>
<li>Erősíti és feszesíti a megereszkedett szöveteket</li>
<li>segít a narancsbőr ellen</li>
<li>nyirokstimuláló hatású</li>
</ul>
