{"id":16298,"date":"2023-07-27T06:48:08","date_gmt":"2023-07-27T06:48:08","guid":{"rendered":"https:\/\/shop.devepu.apollo.wpspace.me\/?post_type=product&#038;p=16298"},"modified":"2026-04-30T05:47:34","modified_gmt":"2026-04-30T04:47:34","slug":"buste-repair-krem","status":"publish","type":"product","link":"https:\/\/shapeline.at\/hu\/termek\/buste-repair-krem\/","title":{"rendered":"Buste Repair Cream 150ml"},"content":{"rendered":"<p>A sima dekolt\u00e1zs \u00e9s a feszes mellek a n\u0151k legvonz\u00f3bb tulajdons\u00e1gai k\u00f6z\u00e9 tartoznak. Ak\u00e1r kicsi, ak\u00e1r nagy - minden mellnek sz\u00e9pnek kell lennie. A kellemesen k\u00f6nny\u0171 koncentr\u00e1tum kiv\u00e1l\u00f3 min\u0151s\u00e9g\u0171 \u00f6sszetev\u0151kkel t\u00f6bb feszess\u00e9get biztos\u00edt \u00e9s meg\u0151rzi a n\u0151i kisug\u00e1rz\u00e1st,<\/p>\n<ul>\n<li>Hidrat\u00e1lja \u00e9s t\u00e1pl\u00e1lja a melleket<\/li>\n<li>Feszes\u00edti a felkarokat \u00e9s a dekolt\u00e1zst<\/li>\n<li>Cs\u00f6kkenti az \u00f6regs\u00e9gi foltokat<\/li>\n<\/ul>\n<h3><strong>\u00d6sszetev\u0151k<\/strong><\/h3>\n<p>Ill\u00f3olajok a <strong>Limes<\/strong>, <strong>Arnica<\/strong> \u00e9s <strong>Mim\u00f3za<\/strong> finom\u00edtsa a mell \u00e9s a dekolt\u00e1zs t\u00e1pl\u00e1l\u00f3 \u00e9s helyre\u00e1ll\u00edt\u00f3 kr\u00e9m\u00fcnket, \u00e9s fiatal\u00edtsa meg a felkarok b\u0151r\u00e9t.<\/p>\n<h3><strong>Alkalmaz\u00e1s<\/strong><\/h3>\n<p>A <strong>Buste Repair kr\u00e9m<\/strong> Minden nap gyeng\u00e9den massz\u00edrozza be a nyakba, a dekolt\u00e1zsba \u00e9s a mellkasba. A kr\u00e9m minden b\u0151rt\u00edpusra alkalmas.<\/p>\n<h3><strong>\u00c1bra szak\u00e9rt\u0151i tipp<\/strong><\/h3>\n<p>Igyon sok vizet vagy cukrozatlan te\u00e1t, \u00e9s t\u00e1pl\u00e1lkozzon eg\u00e9szs\u00e9gesen, alacsony s\u00f3tartalommal. Aj\u00e1nlott megfelel\u0151 (sport)melltart\u00f3 visel\u00e9se; a legt\u00f6bb n\u0151 t\u00fal kicsi m\u00e9retet hord - ha bizonytalan, a legjobb, ha felkeres egy szak\u00fczletet, \u00e9s tan\u00e1csot k\u00e9r a hozz\u00e1\u00e9rt\u0151 szem\u00e9lyzett\u0151l.<\/p>\n<h3><strong>Hat\u00e1sfokoz\u00f3<\/strong><\/h3>\n<p>A Buste Repair Cream hat\u00e1smechanizmus\u00e1t a k\u00f6vetkez\u0151k jellemzik <strong>BodyShaping<\/strong> st\u00fadi\u00f3nk programja massz\u00edvan megn\u00f6vekedett.<\/p>","protected":false},"excerpt":{"rendered":"<p>A sima dekolt\u00e1zs \u00e9s a feszes mellek a n\u0151k legvonz\u00f3bb tulajdons\u00e1gai k\u00f6z\u00e9 tartoznak. Ak\u00e1r kicsi, ak\u00e1r nagy - minden mellnek sz\u00e9pnek kell lennie. A kellemesen k\u00f6nny\u0171 koncentr\u00e1tum kiv\u00e1l\u00f3 min\u0151s\u00e9g\u0171 \u00f6sszetev\u0151kkel t\u00f6bb feszess\u00e9get biztos\u00edt \u00e9s meg\u0151rzi a n\u0151i kisug\u00e1rz\u00e1st,<\/p>\n<ul>\n<li>Hidrat\u00e1lja \u00e9s t\u00e1pl\u00e1lja a melleket<\/li>\n<li>Feszes\u00edti a felkarokat \u00e9s a dekolt\u00e1zst<\/li>\n<li>Cs\u00f6kkenti az \u00f6regs\u00e9gi foltokat<\/li>\n<\/ul>","protected":false},"featured_media":240525,"template":"","meta":[],"product_brand":[],"product_cat":[73],"product_tag":[],"class_list":{"0":"post-16298","1":"product","2":"type-product","3":"status-publish","4":"has-post-thumbnail","6":"product_cat-pflegeprodukte","8":"first","9":"outofstock","10":"taxable","11":"shipping-taxable","12":"purchasable","13":"product-type-simple"},"_links":{"self":[{"href":"https:\/\/shapeline.at\/hu\/wp-json\/wp\/v2\/product\/16298","targetHints":{"allow":["GET"]}}],"collection":[{"href":"https:\/\/shapeline.at\/hu\/wp-json\/wp\/v2\/product"}],"about":[{"href":"https:\/\/shapeline.at\/hu\/wp-json\/wp\/v2\/types\/product"}],"version-history":[{"count":11,"href":"https:\/\/shapeline.at\/hu\/wp-json\/wp\/v2\/product\/16298\/revisions"}],"predecessor-version":[{"id":246642,"href":"https:\/\/shapeline.at\/hu\/wp-json\/wp\/v2\/product\/16298\/revisions\/246642"}],"wp:featuredmedia":[{"embeddable":true,"href":"https:\/\/shapeline.at\/hu\/wp-json\/wp\/v2\/media\/240525"}],"wp:attachment":[{"href":"https:\/\/shapeline.at\/hu\/wp-json\/wp\/v2\/media?parent=16298"}],"wp:term":[{"taxonomy":"product_brand","embeddable":true,"href":"https:\/\/shapeline.at\/hu\/wp-json\/wp\/v2\/product_brand?post=16298"},{"taxonomy":"product_cat","embeddable":true,"href":"https:\/\/shapeline.at\/hu\/wp-json\/wp\/v2\/product_cat?post=16298"},{"taxonomy":"product_tag","embeddable":true,"href":"https:\/\/shapeline.at\/hu\/wp-json\/wp\/v2\/product_tag?post=16298"}],"curies":[{"name":"wp","href":"https:\/\/api.w.org\/{rel}","templated":true}]}}

<p>A sima dekoltázs és a feszes mellek a nők legvonzóbb tulajdonságai közé tartoznak. Akár kicsi, akár nagy - minden mellnek szépnek kell lennie. A kellemesen könnyű koncentrátum kiváló minőségű összetevőkkel több feszességet biztosít és megőrzi a női kisugárzást,</p>
<ul>
<li>Hidratálja és táplálja a melleket</li>
<li>Feszesíti a felkarokat és a dekoltázst</li>
<li>Csökkenti az öregségi foltokat</li>
</ul>
<h3><strong>Összetevők</strong></h3>
<p>Illóolajok a <strong>Limes</strong>, <strong>Arnica</strong> és <strong>Mimóza</strong> finomítsa a mell és a dekoltázs tápláló és helyreállító krémünket, és fiatalítsa meg a felkarok bőrét.</p>
<h3><strong>Alkalmazás</strong></h3>
<p>A <strong>Buste Repair krém</strong> Minden nap gyengéden masszírozza be a nyakba, a dekoltázsba és a mellkasba. A krém minden bőrtípusra alkalmas.</p>
<h3><strong>Ábra szakértői tipp</strong></h3>
<p>Igyon sok vizet vagy cukrozatlan teát, és táplálkozzon egészségesen, alacsony sótartalommal. Ajánlott megfelelő (sport)melltartó viselése; a legtöbb nő túl kicsi méretet hord - ha bizonytalan, a legjobb, ha felkeres egy szaküzletet, és tanácsot kér a hozzáértő személyzettől.</p>
<h3><strong>Hatásfokozó</strong></h3>
<p>A Buste Repair Cream hatásmechanizmusát a következők jellemzik <strong>BodyShaping</strong> stúdiónk programja masszívan megnövekedett.</p>

<p>A sima dekoltázs és a feszes mellek a nők legvonzóbb tulajdonságai közé tartoznak. Akár kicsi, akár nagy - minden mellnek szépnek kell lennie. A kellemesen könnyű koncentrátum kiváló minőségű összetevőkkel több feszességet biztosít és megőrzi a női kisugárzást,</p>
<ul>
<li>Hidratálja és táplálja a melleket</li>
<li>Feszesíti a felkarokat és a dekoltázst</li>
<li>Csökkenti az öregségi foltokat</li>
</ul>
