{"id":16299,"date":"2023-07-27T06:48:08","date_gmt":"2023-07-27T06:48:08","guid":{"rendered":"https:\/\/shop.devepu.apollo.wpspace.me\/?post_type=product&#038;p=16299"},"modified":"2026-02-12T10:02:28","modified_gmt":"2026-02-12T09:02:28","slug":"cellu-repair-gel-cellulit-gyilkos-ejszakara","status":"publish","type":"product","link":"https:\/\/shapeline.at\/hu\/termek\/cellu-repair-gel-cellulit-gyilkos-ejszakara\/","title":{"rendered":"Cellu Repair Gel 150ml"},"content":{"rendered":"<h3><strong>Az \u00e9jszaka hev\u00e9ben<\/strong><\/h3>\n<p>A <strong>Cellu jav\u00edt\u00f3 g\u00e9l<\/strong> az ide\u00e1lis term\u00e9k, amely val\u00f3ban \"felmeleg\u00edti\" a cellulitot egy \u00e9jszaka alatt. A k\u00fcl\u00f6nb\u00f6z\u0151 term\u00e9szetes hat\u00f3anyagoknak k\u00f6sz\u00f6nhet\u0151en a Cellu Repair Gel igazi cellulitgyilkos,<\/p>\n<ul>\n<li>a cs\u00fanya horpad\u00e1sok kisimulnak<\/li>\n<li>az \u00e9rintett ter\u00fcletek v\u00e9rkering\u00e9se fokoz\u00f3dik<\/li>\n<li>a salak elt\u00e1vol\u00edt\u00e1s\u00e1t el\u0151seg\u00edtik<\/li>\n<\/ul>\n<h3><strong>\u00d6sszetev\u0151k<\/strong><\/h3>\n<p>G\u00e9l\u00fcnk alapja a k\u00e9zzel kevert cellulitellenes gy\u00f3gyn\u00f6v\u00e9nyek t\u00f6k\u00e9letes kever\u00e9ke:<\/p>\n<ul>\n<li><strong>K\u00f6r\u00f6mvir\u00e1g kivonat<\/strong> mint a legfontosabb \u00e9p\u00edt\u0151elem biztos\u00edtja a feszes b\u0151rt<\/li>\n<li><strong>Barna alga<\/strong> igazi m\u00e9regtelen\u00edt\u0151 mesterek.<\/li>\n<li><strong>Fekete di\u00f3<\/strong> \u00e9l\u00e9nk\u00edt\u0151 \u00e9s lecsapol\u00f3 hat\u00e1s\u00fa<\/li>\n<li><strong>Kakukkf\u0171<\/strong> Hossz\u00fa t\u00e1von serkenti a sejtek anyagcser\u00e9j\u00e9t<\/li>\n<\/ul>\n<h6>PEG-, \u00e1sv\u00e1nyi olaj, szilikonolaj \u00e9s parab\u00e9n mentes<\/h6>\n<h3><strong>Alkalmaz\u00e1s<\/strong><\/h3>\n<p>A g\u00e9lt este kell felvinni a kezelend\u0151 ter\u00fcletekre, \u00e9s bemassz\u00edrozni. Az alkalmaz\u00e1s fokozza a v\u00e9rkering\u00e9st az \u00e9rintett ter\u00fcleteken \u00e9s aktiv\u00e1lja az anyagcser\u00e9t. Ez meleged\u00e9shez vezet. A narancsos avok\u00e1d\u00f3olaj hozz\u00e1ad\u00e1s\u00e1val tov\u00e1bb fokozhatja a cellulitellenes hat\u00e1st.<\/p>\n<h3><strong>\u00c1bra szak\u00e9rt\u0151i tipp<\/strong><\/h3>\n<p>A maxim\u00e1lis hat\u00e1st a <strong>24 \u00f3r\u00e1s anti-cellulit program<\/strong> el\u00e9rt. Ez a program ugyanis 24 \u00f3r\u00e1n kereszt\u00fcl biztos\u00edtja a hat\u00f3anyagok folyamatos felszabadul\u00e1s\u00e1t. A kombin\u00e1lt <strong>Cellu jav\u00edt\u00f3 g\u00e9l <\/strong>az \u00e9jszakai \u00f3r\u00e1kra \u00e9s <strong>Herbal Active Cellu Gel napk\u00f6zben <\/strong>a lehet\u0151 legnagyobb hat\u00e1s el\u00e9r\u00e9se \u00e9rdek\u00e9ben. A Herbal Active Celu g\u00e9l napk\u00f6zben lass\u00edtja a zs\u00edr felhalmoz\u00f3d\u00e1s\u00e1t a sejtekben, m\u00edg a Cellu Repair g\u00e9l \u00e9jszak\u00e1ra felmeleg\u00edti a probl\u00e9m\u00e1s ter\u00fcleteket.<\/p>\n<h3><strong>Hat\u00e1ser\u0151s\u00edt\u00e9s<\/strong><\/h3>\n<p>Ahhoz, hogy a hat\u00f3anyagok m\u00e9lyen behatolhassanak a b\u0151rbe, keverje \u00f6ssze a Cellu Repair g\u00e9lt a tenyer\u00e9ben 1:1 ar\u00e1nyban az aktiv\u00e1l\u00f3 g\u00e9llel \u00e9s az aktiv\u00e1l\u00f3 g\u00e9llel. <strong>Narancs avok\u00e1d\u00f3 olaj<\/strong>. A kis molekul\u00e1j\u00fa arom\u00e1s olaj seg\u00edt a hat\u00f3anyagokat m\u00e9g m\u00e9lyebbre juttatni a sz\u00f6vetekbe.<\/p>","protected":false},"excerpt":{"rendered":"<h3><strong>Az \u00e9jszaka hev\u00e9ben<\/strong><\/h3>\n<p>A <strong>Cellu jav\u00edt\u00f3 g\u00e9l<\/strong> az ide\u00e1lis term\u00e9k, amely val\u00f3ban \"felmeleg\u00edti\" a cellulitot egy \u00e9jszaka alatt. A k\u00fcl\u00f6nb\u00f6z\u0151 term\u00e9szetes hat\u00f3anyagoknak k\u00f6sz\u00f6nhet\u0151en a Cellu Repair Gel igazi cellulitgyilkos,<\/p>\n<ul>\n<li>a cs\u00fanya horpad\u00e1sok kisimulnak<\/li>\n<li>az \u00e9rintett ter\u00fcletek v\u00e9rkering\u00e9se fokoz\u00f3dik<\/li>\n<li>a salak elt\u00e1vol\u00edt\u00e1s\u00e1t el\u0151seg\u00edtik<\/li>\n<\/ul>","protected":false},"featured_media":16955,"template":"","meta":[],"product_brand":[],"product_cat":[81],"product_tag":[],"class_list":{"0":"post-16299","1":"product","2":"type-product","3":"status-publish","4":"has-post-thumbnail","6":"product_cat-anti-cellulite","8":"first","9":"instock","10":"taxable","11":"shipping-taxable","12":"purchasable","13":"product-type-simple"},"supplier_id":null,"supplier_sku":"","barcode":null,"atum_controlled":true,"out_stock_date":null,"out_stock_threshold":null,"inheritable":false,"inbound_stock":0,"stock_on_hold":0,"sold_today":0,"sales_last_days":0,"reserved_stock":0,"customer_returns":0,"warehouse_damage":0,"lost_in_post":0,"other_logs":0,"out_stock_days":0,"lost_sales":0,"has_location":false,"update_date":"2026-04-28T00:04:46","atum_locations":[],"atum_stock_status":"instock","restock_status":false,"low_stock_amount":"","sales_update_date":"2026-04-28T00:04:46","calc_backorders":null,"_links":{"self":[{"href":"https:\/\/shapeline.at\/hu\/wp-json\/wp\/v2\/product\/16299","targetHints":{"allow":["GET"]}}],"collection":[{"href":"https:\/\/shapeline.at\/hu\/wp-json\/wp\/v2\/product"}],"about":[{"href":"https:\/\/shapeline.at\/hu\/wp-json\/wp\/v2\/types\/product"}],"version-history":[{"count":10,"href":"https:\/\/shapeline.at\/hu\/wp-json\/wp\/v2\/product\/16299\/revisions"}],"predecessor-version":[{"id":246625,"href":"https:\/\/shapeline.at\/hu\/wp-json\/wp\/v2\/product\/16299\/revisions\/246625"}],"wp:featuredmedia":[{"embeddable":true,"href":"https:\/\/shapeline.at\/hu\/wp-json\/wp\/v2\/media\/16955"}],"wp:attachment":[{"href":"https:\/\/shapeline.at\/hu\/wp-json\/wp\/v2\/media?parent=16299"}],"wp:term":[{"taxonomy":"product_brand","embeddable":true,"href":"https:\/\/shapeline.at\/hu\/wp-json\/wp\/v2\/product_brand?post=16299"},{"taxonomy":"product_cat","embeddable":true,"href":"https:\/\/shapeline.at\/hu\/wp-json\/wp\/v2\/product_cat?post=16299"},{"taxonomy":"product_tag","embeddable":true,"href":"https:\/\/shapeline.at\/hu\/wp-json\/wp\/v2\/product_tag?post=16299"}],"curies":[{"name":"wp","href":"https:\/\/api.w.org\/{rel}","templated":true}]}}

<h3><strong>Az éjszaka hevében</strong></h3>
<p>A <strong>Cellu javító gél</strong> az ideális termék, amely valóban "felmelegíti" a cellulitot egy éjszaka alatt. A különböző természetes hatóanyagoknak köszönhetően a Cellu Repair Gel igazi cellulitgyilkos,</p>
<ul>
<li>a csúnya horpadások kisimulnak</li>
<li>az érintett területek vérkeringése fokozódik</li>
<li>a salak eltávolítását elősegítik</li>
</ul>
<h3><strong>Összetevők</strong></h3>
<p>Gélünk alapja a kézzel kevert cellulitellenes gyógynövények tökéletes keveréke:</p>
<ul>
<li><strong>Körömvirág kivonat</strong> mint a legfontosabb építőelem biztosítja a feszes bőrt</li>
<li><strong>Barna alga</strong> igazi méregtelenítő mesterek.</li>
<li><strong>Fekete dió</strong> élénkítő és lecsapoló hatású</li>
<li><strong>Kakukkfű</strong> Hosszú távon serkenti a sejtek anyagcseréjét</li>
</ul>
<h6>PEG-, ásványi olaj, szilikonolaj és parabén mentes</h6>
<h3><strong>Alkalmazás</strong></h3>
<p>A gélt este kell felvinni a kezelendő területekre, és bemasszírozni. Az alkalmazás fokozza a vérkeringést az érintett területeken és aktiválja az anyagcserét. Ez melegedéshez vezet. A narancsos avokádóolaj hozzáadásával tovább fokozhatja a cellulitellenes hatást.</p>
<h3><strong>Ábra szakértői tipp</strong></h3>
<p>A maximális hatást a <strong>24 órás anti-cellulit program</strong> elért. Ez a program ugyanis 24 órán keresztül biztosítja a hatóanyagok folyamatos felszabadulását. A kombinált <strong>Cellu javító gél </strong>az éjszakai órákra és <strong>Herbal Active Cellu Gel napközben </strong>a lehető legnagyobb hatás elérése érdekében. A Herbal Active Celu gél napközben lassítja a zsír felhalmozódását a sejtekben, míg a Cellu Repair gél éjszakára felmelegíti a problémás területeket.</p>
<h3><strong>Hatáserősítés</strong></h3>
<p>Ahhoz, hogy a hatóanyagok mélyen behatolhassanak a bőrbe, keverje össze a Cellu Repair gélt a tenyerében 1:1 arányban az aktiváló géllel és az aktiváló géllel. <strong>Narancs avokádó olaj</strong>. A kis molekulájú aromás olaj segít a hatóanyagokat még mélyebbre juttatni a szövetekbe.</p>

<h3><strong>Az éjszaka hevében</strong></h3>
<p>A <strong>Cellu javító gél</strong> az ideális termék, amely valóban "felmelegíti" a cellulitot egy éjszaka alatt. A különböző természetes hatóanyagoknak köszönhetően a Cellu Repair Gel igazi cellulitgyilkos,</p>
<ul>
<li>a csúnya horpadások kisimulnak</li>
<li>az érintett területek vérkeringése fokozódik</li>
<li>a salak eltávolítását elősegítik</li>
</ul>
