{"id":16300,"date":"2023-07-27T06:48:08","date_gmt":"2023-07-27T06:48:08","guid":{"rendered":"https:\/\/shop.devepu.apollo.wpspace.me\/?post_type=product&#038;p=16300"},"modified":"2026-04-21T18:25:42","modified_gmt":"2026-04-21T17:25:42","slug":"kraeuter-aktiv-cellu-gel","status":"publish","type":"product","link":"https:\/\/shapeline.at\/hu\/termek\/kraeuter-aktiv-cellu-gel\/","title":{"rendered":"Herbal Active Cellu g\u00e9l 50ml"},"content":{"rendered":"<h3><strong>Optim\u00e1lis eredm\u00e9nyek akt\u00edv gy\u00f3gyn\u00f6v\u00e9nyekkel <\/strong><\/h3>\n<p>Narancsb\u0151r - a combt\u00e1j\u00e9kon k\u00edv\u00fcl a fels\u0151 hasi ter\u00fcletre \u00e9s a felkarokra is \u00e1tterjedhet. Szinte minden n\u0151 ismeri \u00e9s f\u00e9lti a fen\u00e9ken \u00e9s a combokon tal\u00e1lhat\u00f3, \u00e1ltal\u00e1ban apr\u00f3 horpad\u00e1sokat.<\/p>\n<p>A <strong>Gy\u00f3gyn\u00f6v\u00e9nyes akt\u00edv Cellu g\u00e9l<\/strong> m\u00e1r nem ad okot aggodalomra. A g\u00e9l ugyanis a koncentr\u00e1lt \u00e9s k\u00e9zzel kevert term\u00e9szetes gy\u00f3gyn\u00f6v\u00e9nykivonatok \u00e1ltal kiv\u00e1ltott v\u00edzelvezet\u0151 hat\u00e1snak k\u00f6sz\u00f6nhet\u0151en gyeng\u00e9den aktiv\u00e1lja m\u00e9g a makacs cellulitg\u00f6dr\u00f6csk\u00e9ket is. Pontosan megfelel\u0151 a cellulit kezel\u00e9s\u00e9re - \u00e9s megel\u0151z\u00e9sre is, mint t\u00f6k\u00e9letes megel\u0151z\u0151 \u00e1pol\u00e1s. Kezdje teh\u00e1t a megel\u0151z\u00e9si tervet ink\u00e1bb el\u0151bb, mint t\u00fal k\u00e9s\u0151n, \u00e9s ne adjon es\u00e9lyt a narancsb\u0151rnek.<\/p>\n<h3><strong>\u00d6sszetev\u0151k<\/strong><\/h3>\n<ul>\n<li>Kollag\u00e9nek \u00e9s elasztinok<strong> Kaktusz <\/strong>\u00e9s<strong> Hibiszkusz <\/strong>revitaliz\u00e1l\u00f3 \u00e9s feszes\u00edt\u0151 hat\u00e1s\u00fa<\/li>\n<li><strong>L\u00f3 gesztenye <\/strong>keringeni \u00e9s aktiv\u00e1lni<\/li>\n<li><strong>Tengeri moszat <\/strong>tiszt\u00edtja \u00e9s oldja a tapad\u00e1sokat<\/li>\n<\/ul>\n<h3><strong>Alkalmaz\u00e1s<\/strong><\/h3>\n<p>A gy\u00f3gyn\u00f6v\u00e9nyes Active Cellu g\u00e9lt reggelente hat\u00e1rozottan massz\u00edrozza be az eg\u00e9sz combba - mindk\u00e9t kez\u00e9vel, t\u00e9rdt\u0151l felfel\u00e9 k\u00f6r\u00fclbel\u00fcl 20 mozdulattal. A mozg\u00e1s \u00e9s az izom\u00f6sszeh\u00faz\u00f3d\u00e1sok r\u00e9v\u00e9n a gy\u00f3gyn\u00f6v\u00e9nyek ereje m\u00e9g jobban elt\u00e1vol\u00edtja a felesleges vizet a nyirokrendszeren kereszt\u00fcl.<\/p>\n<h3><strong>\u00c1bra szak\u00e9rt\u0151i tipp<\/strong><\/h3>\n<p>Maxim\u00e1lis sikert \u00e9rhet el a <strong>24 \u00f3r\u00e1s anti-cellulit program<\/strong><\/p>\n<p>A hat\u00f3anyagok 24 \u00f3r\u00e1n \u00e1t tart\u00f3, megszak\u00edt\u00e1s n\u00e9lk\u00fcli, folyamatos felszabadul\u00e1sa miatt a kombin\u00e1lt <strong>Cellu jav\u00edt\u00f3 g\u00e9l<\/strong> \u00e9jszaka \u00e9s a Herbal Active Cellu g\u00e9l nappal. \u00c9jszaka a Cellu Repair Gel lass\u00edtja a zs\u00edr felhalmoz\u00f3d\u00e1s\u00e1t a sejtekben. Napk\u00f6zben a Kr\u00e4uter Aktiv Cellu Gel a mozg\u00e1s \u00e9s az izom\u00f6sszeh\u00faz\u00f3d\u00e1sok r\u00e9v\u00e9n a nyirokcsom\u00f3n kereszt\u00fcl elvezeti a felesleges vizet \u00e9s savakat.<\/p>\n<h3><strong>Hat\u00e1ser\u0151s\u00edt\u00e9s<\/strong><\/h3>\n<p>Keverje \u00f6ssze a tenyer\u00e9ben 1:1 ar\u00e1nyban a Herbal Active Cellu g\u00e9lt az aktiv\u00e1l\u00f3 g\u00e9llel. <strong>Narancs avok\u00e1d\u00f3 olaj<\/strong>. A kis molekul\u00e1j\u00fa arom\u00e1s olaj seg\u00edt a hat\u00f3anyagokat m\u00e9g m\u00e9lyebbre juttatni a sz\u00f6vetekbe. A gy\u00f3gyn\u00f6v\u00e9nyes alkalmaz\u00e1s mellett <strong>BodyShaping<\/strong>a narancsb\u0151r cs\u00f6kkent\u00e9s\u00e9re.<\/p>","protected":false},"excerpt":{"rendered":"<p>Akt\u00edv gy\u00f3gyn\u00f6v\u00e9nyekkel az optim\u00e1lis eredm\u00e9ny \u00e9rdek\u00e9ben Narancsb\u0151r - a combt\u00e1jon k\u00edv\u00fcl a fels\u0151 hasi ter\u00fcleten \u00e9s a h\u00e1ton is kialakulhat.<\/p>","protected":false},"featured_media":16959,"template":"","meta":[],"product_brand":[],"product_cat":[81],"product_tag":[],"class_list":{"0":"post-16300","1":"product","2":"type-product","3":"status-publish","4":"has-post-thumbnail","6":"product_cat-anti-cellulite","8":"first","9":"instock","10":"taxable","11":"shipping-taxable","12":"purchasable","13":"product-type-simple"},"_links":{"self":[{"href":"https:\/\/shapeline.at\/hu\/wp-json\/wp\/v2\/product\/16300","targetHints":{"allow":["GET"]}}],"collection":[{"href":"https:\/\/shapeline.at\/hu\/wp-json\/wp\/v2\/product"}],"about":[{"href":"https:\/\/shapeline.at\/hu\/wp-json\/wp\/v2\/types\/product"}],"version-history":[{"count":8,"href":"https:\/\/shapeline.at\/hu\/wp-json\/wp\/v2\/product\/16300\/revisions"}],"predecessor-version":[{"id":241637,"href":"https:\/\/shapeline.at\/hu\/wp-json\/wp\/v2\/product\/16300\/revisions\/241637"}],"wp:featuredmedia":[{"embeddable":true,"href":"https:\/\/shapeline.at\/hu\/wp-json\/wp\/v2\/media\/16959"}],"wp:attachment":[{"href":"https:\/\/shapeline.at\/hu\/wp-json\/wp\/v2\/media?parent=16300"}],"wp:term":[{"taxonomy":"product_brand","embeddable":true,"href":"https:\/\/shapeline.at\/hu\/wp-json\/wp\/v2\/product_brand?post=16300"},{"taxonomy":"product_cat","embeddable":true,"href":"https:\/\/shapeline.at\/hu\/wp-json\/wp\/v2\/product_cat?post=16300"},{"taxonomy":"product_tag","embeddable":true,"href":"https:\/\/shapeline.at\/hu\/wp-json\/wp\/v2\/product_tag?post=16300"}],"curies":[{"name":"wp","href":"https:\/\/api.w.org\/{rel}","templated":true}]}}

Herbal Active Cellu gél 50ml

<h3><strong>Optimális eredmények aktív gyógynövényekkel </strong></h3>
<p>Narancsbőr - a combtájékon kívül a felső hasi területre és a felkarokra is átterjedhet. Szinte minden nő ismeri és félti a fenéken és a combokon található, általában apró horpadásokat.</p>
<p>A <strong>Gyógynövényes aktív Cellu gél</strong> már nem ad okot aggodalomra. A gél ugyanis a koncentrált és kézzel kevert természetes gyógynövénykivonatok által kiváltott vízelvezető hatásnak köszönhetően gyengéden aktiválja még a makacs cellulitgödröcskéket is. Pontosan megfelelő a cellulit kezelésére - és megelőzésre is, mint tökéletes megelőző ápolás. Kezdje tehát a megelőzési tervet inkább előbb, mint túl későn, és ne adjon esélyt a narancsbőrnek.</p>
<h3><strong>Összetevők</strong></h3>
<ul>
<li>Kollagének és elasztinok<strong> Kaktusz </strong>és<strong> Hibiszkusz </strong>revitalizáló és feszesítő hatású</li>
<li><strong>Ló gesztenye </strong>keringeni és aktiválni</li>
<li><strong>Tengeri moszat </strong>tisztítja és oldja a tapadásokat</li>
</ul>
<h3><strong>Alkalmazás</strong></h3>
<p>A gyógynövényes Active Cellu gélt reggelente határozottan masszírozza be az egész combba - mindkét kezével, térdtől felfelé körülbelül 20 mozdulattal. A mozgás és az izomösszehúzódások révén a gyógynövények ereje még jobban eltávolítja a felesleges vizet a nyirokrendszeren keresztül.</p>
<h3><strong>Ábra szakértői tipp</strong></h3>
<p>Maximális sikert érhet el a <strong>24 órás anti-cellulit program</strong></p>
<p>A hatóanyagok 24 órán át tartó, megszakítás nélküli, folyamatos felszabadulása miatt a kombinált <strong>Cellu javító gél</strong> éjszaka és a Herbal Active Cellu gél nappal. Éjszaka a Cellu Repair Gel lassítja a zsír felhalmozódását a sejtekben. Napközben a Kräuter Aktiv Cellu Gel a mozgás és az izomösszehúzódások révén a nyirokcsomón keresztül elvezeti a felesleges vizet és savakat.</p>
<h3><strong>Hatáserősítés</strong></h3>
<p>Keverje össze a tenyerében 1:1 arányban a Herbal Active Cellu gélt az aktiváló géllel. <strong>Narancs avokádó olaj</strong>. A kis molekulájú aromás olaj segít a hatóanyagokat még mélyebbre juttatni a szövetekbe. A gyógynövényes alkalmazás mellett <strong>BodyShaping</strong>a narancsbőr csökkentésére.</p>

<p>Aktív gyógynövényekkel az optimális eredmény érdekében Narancsbőr - a combtájon kívül a felső hasi területen és a háton is kialakulhat.</p>
