{"id":16307,"date":"2023-07-27T06:48:08","date_gmt":"2023-07-27T06:48:08","guid":{"rendered":"https:\/\/shop.devepu.apollo.wpspace.me\/?post_type=product&#038;p=16307"},"modified":"2026-04-28T11:56:01","modified_gmt":"2026-04-28T10:56:01","slug":"narancs-avokado-olaj","status":"publish","type":"product","link":"https:\/\/shapeline.at\/hu\/termek\/narancs-avokado-olaj\/","title":{"rendered":"Narancs avok\u00e1d\u00f3 olaj 100ml"},"content":{"rendered":"<p>A <strong>Narancs avok\u00e1d\u00f3 olaj<\/strong> friss citrus illat\u00fa \u00e9s k\u00fcl\u00f6nf\u00e9le arom\u00e1s olajok finom kever\u00e9k\u00e9t tartalmazza, amelyek gyorsan felsz\u00edv\u00f3dnak a b\u0151rbe \u00e9s stimul\u00e1lj\u00e1k a f\u00e1radt k\u00f6t\u0151sz\u00f6vetet. Hogyan kell haszn\u00e1lni az olajat<\/p>\n<ul>\n<li>Kisim\u00edtja a b\u0151rt<\/li>\n<li>Megakad\u00e1lyozza a narancsb\u0151r kialakul\u00e1s\u00e1t<\/li>\n<li>Feszes\u00edti \u00e9s feszes\u00edti a b\u0151rsz\u00f6vetet<\/li>\n<\/ul>\n<h3><strong>\u00d6sszetev\u0151k<\/strong><\/h3>\n<ul>\n<li>Ethereal <strong>Citrusf\u00e9l\u00e9kb\u0151l sz\u00e1rmaz\u00f3 olajok<\/strong> jav\u00edtja a k\u00f6t\u0151sz\u00f6vet rugalmass\u00e1g\u00e1t \u00e9s feszess\u00e9g\u00e9t, \u00e9s tart\u00f3s b\u0151rsz\u00e9p\u00fcl\u00e9shez vezet.<\/li>\n<li>Ethereal <strong>Napraforg\u00f3b\u00f3l \u00e9s avok\u00e1d\u00f3b\u00f3l sz\u00e1rmaz\u00f3 olajok<\/strong> <strong>Narancs, citrom \u00e9s s\u00e1rgar\u00e9pa<\/strong> feszes\u00edti a k\u00f6t\u0151sz\u00f6vetet, megfiatal\u00edtja a b\u0151rt, puh\u00e1v\u00e1 \u00e9s rugalmass\u00e1 teszi.<\/li>\n<\/ul>\n<h3><strong>Alkalmaz\u00e1s<\/strong><\/h3>\n<p>Naponta egyszer vagy k\u00e9tszer massz\u00edrozza be az olajat. K\u00e9rj\u00fck, ford\u00edtson k\u00fcl\u00f6n\u00f6s figyelmet a s\u00falyosan \u00e9rintett b\u0151rfel\u00fcletekre.<\/p>\n<h3><strong>\u00c1bra szak\u00e9rt\u0151i tipp<\/strong><\/h3>\n<h5><strong>Rendk\u00edv\u00fcl hat\u00e9kony csin\u00e1ld magad kever\u00e9kek<\/strong><\/h5>\n<p>Keverje \u00f6ssze a narancsos avok\u00e1d\u00f3 \u00edz\u0171 olajat a tenyer\u00e9ben 1:1 ar\u00e1nyban az al\u00e1bb felsorolt kr\u00e9mek\/g\u00e9lek valamelyik\u00e9vel, hogy l\u00e1gy \u00e9s kr\u00e9mes massz\u00e1t kapjon. A kismolekul\u00e1j\u00fa aromaolajok \"k\u00fasz\u00f3 tulajdons\u00e1gainak\" k\u00f6sz\u00f6nhet\u0151en a kr\u00e9mek hat\u00f3anyagai behatolnak a sz\u00f6vetek legm\u00e9lyebb r\u00e9tegeibe, \u00e9s \u00edgy sokszorosan feler\u0151s\u00edtik a hat\u00e1st.<\/p>\n<p><strong>Maxim\u00e1lis hat\u00e1s a 24 \u00f3r\u00e1s anti-cellulit programmal<\/strong><\/p>\n<p>A hat\u00f3anyagok 24 \u00f3r\u00e1n \u00e1t tart\u00f3 folyamatos felszabadul\u00e1sa miatt a kombin\u00e1lt <strong>Cellu jav\u00edt\u00f3 g\u00e9l<\/strong> - a napra a <strong>Gy\u00f3gyn\u00f6v\u00e9nyes akt\u00edv Celu g\u00e9l <\/strong>- az \u00e9jszakai maxim\u00e1lis hat\u00e1s \u00e9rdek\u00e9ben. A<strong> Cellu jav\u00edt\u00f3 g\u00e9l<\/strong> lass\u00edtja a zs\u00edr felhalmoz\u00f3d\u00e1s\u00e1t a sejtekben a nap folyam\u00e1n.<strong> Gy\u00f3gyn\u00f6v\u00e9nyes akt\u00edv Celu g\u00e9l<\/strong> az \u00e9jszaka folyam\u00e1n a szervezet nyugalmi \u00e1llapot\u00e1ban a nyirokcsom\u00f3n kereszt\u00fcl elvezeti a felesleges savakat.<\/p>","protected":false},"excerpt":{"rendered":"<p>A <strong>Narancs avok\u00e1d\u00f3 olaj<\/strong> friss citrus illat\u00fa \u00e9s k\u00fcl\u00f6nf\u00e9le arom\u00e1s olajok finom kever\u00e9k\u00e9t tartalmazza, amelyek gyorsan felsz\u00edv\u00f3dnak a b\u0151rbe \u00e9s stimul\u00e1lj\u00e1k a f\u00e1radt k\u00f6t\u0151sz\u00f6vetet. Hogyan kell haszn\u00e1lni az olajat<\/p>\n<ul>\n<li>Kisim\u00edtja a b\u0151rt<\/li>\n<li>Megakad\u00e1lyozza a narancsb\u0151r kialakul\u00e1s\u00e1t<\/li>\n<li>Feszes\u00edti \u00e9s feszes\u00edti a b\u0151rsz\u00f6vetet<\/li>\n<\/ul>","protected":false},"featured_media":16933,"template":"","meta":[],"product_brand":[],"product_cat":[270],"product_tag":[],"class_list":{"0":"post-16307","1":"product","2":"type-product","3":"status-publish","4":"has-post-thumbnail","6":"product_cat-aetherischebodyoele","8":"first","9":"instock","10":"taxable","11":"shipping-taxable","12":"purchasable","13":"product-type-simple"},"supplier_id":null,"supplier_sku":"","barcode":null,"atum_controlled":true,"out_stock_date":null,"out_stock_threshold":null,"inheritable":false,"inbound_stock":0,"stock_on_hold":1,"sold_today":1,"sales_last_days":2,"reserved_stock":0,"customer_returns":0,"warehouse_damage":0,"lost_in_post":0,"other_logs":0,"out_stock_days":0,"lost_sales":0,"has_location":false,"update_date":"2026-04-28T10:56:10","atum_locations":[],"atum_stock_status":"instock","restock_status":false,"low_stock_amount":"","sales_update_date":"2026-04-28T10:56:10","calc_backorders":null,"_links":{"self":[{"href":"https:\/\/shapeline.at\/hu\/wp-json\/wp\/v2\/product\/16307","targetHints":{"allow":["GET"]}}],"collection":[{"href":"https:\/\/shapeline.at\/hu\/wp-json\/wp\/v2\/product"}],"about":[{"href":"https:\/\/shapeline.at\/hu\/wp-json\/wp\/v2\/types\/product"}],"version-history":[{"count":10,"href":"https:\/\/shapeline.at\/hu\/wp-json\/wp\/v2\/product\/16307\/revisions"}],"predecessor-version":[{"id":246632,"href":"https:\/\/shapeline.at\/hu\/wp-json\/wp\/v2\/product\/16307\/revisions\/246632"}],"wp:featuredmedia":[{"embeddable":true,"href":"https:\/\/shapeline.at\/hu\/wp-json\/wp\/v2\/media\/16933"}],"wp:attachment":[{"href":"https:\/\/shapeline.at\/hu\/wp-json\/wp\/v2\/media?parent=16307"}],"wp:term":[{"taxonomy":"product_brand","embeddable":true,"href":"https:\/\/shapeline.at\/hu\/wp-json\/wp\/v2\/product_brand?post=16307"},{"taxonomy":"product_cat","embeddable":true,"href":"https:\/\/shapeline.at\/hu\/wp-json\/wp\/v2\/product_cat?post=16307"},{"taxonomy":"product_tag","embeddable":true,"href":"https:\/\/shapeline.at\/hu\/wp-json\/wp\/v2\/product_tag?post=16307"}],"curies":[{"name":"wp","href":"https:\/\/api.w.org\/{rel}","templated":true}]}}

Narancs avokádó olaj 100ml

<p>A <strong>Narancs avokádó olaj</strong> friss citrus illatú és különféle aromás olajok finom keverékét tartalmazza, amelyek gyorsan felszívódnak a bőrbe és stimulálják a fáradt kötőszövetet. Hogyan kell használni az olajat</p>
<ul>
<li>Kisimítja a bőrt</li>
<li>Megakadályozza a narancsbőr kialakulását</li>
<li>Feszesíti és feszesíti a bőrszövetet</li>
</ul>
<h3><strong>Összetevők</strong></h3>
<ul>
<li>Ethereal <strong>Citrusfélékből származó olajok</strong> javítja a kötőszövet rugalmasságát és feszességét, és tartós bőrszépüléshez vezet.</li>
<li>Ethereal <strong>Napraforgóból és avokádóból származó olajok</strong> <strong>Narancs, citrom és sárgarépa</strong> feszesíti a kötőszövetet, megfiatalítja a bőrt, puhává és rugalmassá teszi.</li>
</ul>
<h3><strong>Alkalmazás</strong></h3>
<p>Naponta egyszer vagy kétszer masszírozza be az olajat. Kérjük, fordítson különös figyelmet a súlyosan érintett bőrfelületekre.</p>
<h3><strong>Ábra szakértői tipp</strong></h3>
<h5><strong>Rendkívül hatékony csináld magad keverékek</strong></h5>
<p>Keverje össze a narancsos avokádó ízű olajat a tenyerében 1:1 arányban az alább felsorolt krémek/gélek valamelyikével, hogy lágy és krémes masszát kapjon. A kismolekulájú aromaolajok "kúszó tulajdonságainak" köszönhetően a krémek hatóanyagai behatolnak a szövetek legmélyebb rétegeibe, és így sokszorosan felerősítik a hatást.</p>
<p><strong>Maximális hatás a 24 órás anti-cellulit programmal</strong></p>
<p>A hatóanyagok 24 órán át tartó folyamatos felszabadulása miatt a kombinált <strong>Cellu javító gél</strong> - a napra a <strong>Gyógynövényes aktív Celu gél </strong>- az éjszakai maximális hatás érdekében. A<strong> Cellu javító gél</strong> lassítja a zsír felhalmozódását a sejtekben a nap folyamán.<strong> Gyógynövényes aktív Celu gél</strong> az éjszaka folyamán a szervezet nyugalmi állapotában a nyirokcsomón keresztül elvezeti a felesleges savakat.</p>

<p>A <strong>Narancs avokádó olaj</strong> friss citrus illatú és különféle aromás olajok finom keverékét tartalmazza, amelyek gyorsan felszívódnak a bőrbe és stimulálják a fáradt kötőszövetet. Hogyan kell használni az olajat</p>
<ul>
<li>Kisimítja a bőrt</li>
<li>Megakadályozza a narancsbőr kialakulását</li>
<li>Feszesíti és feszesíti a bőrszövetet</li>
</ul>
