{"id":16308,"date":"2023-07-27T06:48:08","date_gmt":"2023-07-27T06:48:08","guid":{"rendered":"https:\/\/shop.devepu.apollo.wpspace.me\/?post_type=product&#038;p=16308"},"modified":"2026-04-30T05:47:37","modified_gmt":"2026-04-30T04:47:37","slug":"buzacsiraolaj-barack","status":"publish","type":"product","link":"https:\/\/shapeline.at\/hu\/termek\/buzacsiraolaj-barack\/","title":{"rendered":"B\u00fazacs\u00edraolaj barack 100ml"},"content":{"rendered":"<p>A <strong>B\u00fazacs\u00edraolaj Barack<\/strong> egy kismolekul\u00e1j\u00fa testolaj, amely nagyon gyorsan felsz\u00edv\u00f3dik a b\u0151rbe. A<\/p>\n<ul>\n<li>Cs\u00f6kkenti a hegek l\u00e1that\u00f3s\u00e1g\u00e1t<\/li>\n<li>Elhalv\u00e1ny\u00edtja a stri\u00e1kat<\/li>\n<li>alkalmas \u00e9rz\u00e9keny b\u0151rre<\/li>\n<li>Nyugtatja \u00e9s t\u00e1pl\u00e1lja a b\u0151rt<\/li>\n<\/ul>\n<h3><strong>\u00d6sszetev\u0151k<\/strong><\/h3>\n<p>A Shape-Line b\u00fazacs\u00edraolajat feszes\u00edt\u0151 \u00e9s t\u00e1pl\u00e1l\u00f3 hat\u00f3anyagai jellemzik. Szab\u00e1lyozza az anyagcser\u00e9t, <strong>A-vitamin<\/strong> \u00e9s <strong>E-vitamin <\/strong>er\u0151s\u00edti a b\u0151r ellen\u00e1ll\u00f3 k\u00e9pess\u00e9g\u00e9t, a barackmagolaj pedig ellaz\u00edtja \u00e9s t\u00e1pl\u00e1lja a b\u0151rt.<\/p>\n<h3><strong>Alkalmaz\u00e1s<\/strong><\/h3>\n<p>A b\u00fazacs\u00edraolajat naponta egyszer vagy k\u00e9tszer massz\u00edrozza a b\u0151r\u00e9be zuhanyz\u00e1s ut\u00e1n. Ez a stri\u00e1k elleni olaj k\u00fcl\u00f6n\u00f6sen t\u00e1pl\u00e1l\u00f3 \u00e9s er\u0151s\u00edti a b\u0151r ellen\u00e1ll\u00f3 k\u00e9pess\u00e9g\u00e9t.<\/p>\n<h3><strong>\u00c1bra szak\u00e9rt\u0151i tipp<\/strong><\/h3>\n<h5><strong>Rendk\u00edv\u00fcl hat\u00e9kony csin\u00e1ld magad kever\u00e9kek<\/strong><\/h5>\n<p>Keverje \u00f6ssze a b\u00fazacs\u00edraolajat a tenyer\u00e9ben 1:1 ar\u00e1nyban az al\u00e1bb felsorolt kr\u00e9mek valamelyik\u00e9vel, hogy l\u00e1gy \u00e9s kr\u00e9mes massz\u00e1t kapjon. A kismolekul\u00e1j\u00fa aromaolajok \"k\u00fasz\u00f3 tulajdons\u00e1g\u00e1nak\" k\u00f6sz\u00f6nhet\u0151en a kr\u00e9mek hat\u00f3anyagai behatolnak a sz\u00f6vetek legm\u00e9lyebb r\u00e9tegeibe, ez\u00e1ltal sokszorosan feler\u0151s\u00edtve a hat\u00e1st.<\/p>\n<h5><strong>Repair Duo a stri\u00e1k ellen<\/strong><\/h5>\n<p>Keverj\u00fck \u00f6ssze a b\u00fazacs\u00edra olajat egy cseresznye nagys\u00e1g\u00fa mennyis\u00e9ggel a <strong>Lipo aktiv\u00e1tor<\/strong> \u00e9s a gazdag koncentr\u00e1tumot reggel \u00e9s este vigye fel az \u00e9rintett ter\u00fcletekre. \u00cdgy a hat\u00f3anyagok m\u00e9g m\u00e9lyebbre hatolnak, \u00e9s az eredm\u00e9nyek m\u00e9g gyorsabban l\u00e1that\u00f3v\u00e1 v\u00e1lnak.<\/p>\n<h5><strong>Hegkezel\u00e9s \u00e9s r\u00e1nctalan\u00edt\u00e1s<\/strong><\/h5>\n<p>Keverj\u00fck \u00f6ssze a b\u00fazacs\u00edra olajat a <strong>Aloe vera g\u00e9l<\/strong>am\u00edg l\u00e1gy, kr\u00e9mes massz\u00e1v\u00e1 nem v\u00e1lik. Ezt a rendk\u00edv\u00fcl hat\u00e9kony kever\u00e9ket naponta alkalmazza a heges b\u0151rre. Azonnal \u00e9rezni fogja, ahogy a b\u0151re h\u00e1l\u00e1san mag\u00e1ba sz\u00edvja a nedvess\u00e9get, valamint \u00fajra feszess\u00e9 \u00e9s sim\u00e1v\u00e1 v\u00e1lik. Nap\u00e9g\u00e9s eset\u00e9n t\u00f6bbsz\u00f6r alkalmazza a kever\u00e9ket.<\/p>","protected":false},"excerpt":{"rendered":"<p>A <strong>B\u00fazacs\u00edraolaj Barack<\/strong> egy kismolekul\u00e1j\u00fa testolaj, amely nagyon gyorsan felsz\u00edv\u00f3dik a b\u0151rbe. A<\/p>\n<ul>\n<li>Cs\u00f6kkenti a hegek l\u00e1that\u00f3s\u00e1g\u00e1t<\/li>\n<li>Elhalv\u00e1ny\u00edtja a stri\u00e1kat<\/li>\n<li>alkalmas \u00e9rz\u00e9keny b\u0151rre<\/li>\n<li>Nyugtatja \u00e9s t\u00e1pl\u00e1lja a b\u0151rt<\/li>\n<\/ul>","protected":false},"featured_media":16930,"template":"","meta":[],"product_brand":[],"product_cat":[270],"product_tag":[],"class_list":{"0":"post-16308","1":"product","2":"type-product","3":"status-publish","4":"has-post-thumbnail","6":"product_cat-aetherischebodyoele","8":"first","9":"outofstock","10":"taxable","11":"shipping-taxable","12":"purchasable","13":"product-type-simple"},"_links":{"self":[{"href":"https:\/\/shapeline.at\/hu\/wp-json\/wp\/v2\/product\/16308","targetHints":{"allow":["GET"]}}],"collection":[{"href":"https:\/\/shapeline.at\/hu\/wp-json\/wp\/v2\/product"}],"about":[{"href":"https:\/\/shapeline.at\/hu\/wp-json\/wp\/v2\/types\/product"}],"version-history":[{"count":8,"href":"https:\/\/shapeline.at\/hu\/wp-json\/wp\/v2\/product\/16308\/revisions"}],"predecessor-version":[{"id":246636,"href":"https:\/\/shapeline.at\/hu\/wp-json\/wp\/v2\/product\/16308\/revisions\/246636"}],"wp:featuredmedia":[{"embeddable":true,"href":"https:\/\/shapeline.at\/hu\/wp-json\/wp\/v2\/media\/16930"}],"wp:attachment":[{"href":"https:\/\/shapeline.at\/hu\/wp-json\/wp\/v2\/media?parent=16308"}],"wp:term":[{"taxonomy":"product_brand","embeddable":true,"href":"https:\/\/shapeline.at\/hu\/wp-json\/wp\/v2\/product_brand?post=16308"},{"taxonomy":"product_cat","embeddable":true,"href":"https:\/\/shapeline.at\/hu\/wp-json\/wp\/v2\/product_cat?post=16308"},{"taxonomy":"product_tag","embeddable":true,"href":"https:\/\/shapeline.at\/hu\/wp-json\/wp\/v2\/product_tag?post=16308"}],"curies":[{"name":"wp","href":"https:\/\/api.w.org\/{rel}","templated":true}]}}

Búzacsíraolaj barack 100ml

<p>A <strong>Búzacsíraolaj Barack</strong> egy kismolekulájú testolaj, amely nagyon gyorsan felszívódik a bőrbe. A</p>
<ul>
<li>Csökkenti a hegek láthatóságát</li>
<li>Elhalványítja a striákat</li>
<li>alkalmas érzékeny bőrre</li>
<li>Nyugtatja és táplálja a bőrt</li>
</ul>
<h3><strong>Összetevők</strong></h3>
<p>A Shape-Line búzacsíraolajat feszesítő és tápláló hatóanyagai jellemzik. Szabályozza az anyagcserét, <strong>A-vitamin</strong> és <strong>E-vitamin </strong>erősíti a bőr ellenálló képességét, a barackmagolaj pedig ellazítja és táplálja a bőrt.</p>
<h3><strong>Alkalmazás</strong></h3>
<p>A búzacsíraolajat naponta egyszer vagy kétszer masszírozza a bőrébe zuhanyzás után. Ez a striák elleni olaj különösen tápláló és erősíti a bőr ellenálló képességét.</p>
<h3><strong>Ábra szakértői tipp</strong></h3>
<h5><strong>Rendkívül hatékony csináld magad keverékek</strong></h5>
<p>Keverje össze a búzacsíraolajat a tenyerében 1:1 arányban az alább felsorolt krémek valamelyikével, hogy lágy és krémes masszát kapjon. A kismolekulájú aromaolajok "kúszó tulajdonságának" köszönhetően a krémek hatóanyagai behatolnak a szövetek legmélyebb rétegeibe, ezáltal sokszorosan felerősítve a hatást.</p>
<h5><strong>Repair Duo a striák ellen</strong></h5>
<p>Keverjük össze a búzacsíra olajat egy cseresznye nagyságú mennyiséggel a <strong>Lipo aktivátor</strong> és a gazdag koncentrátumot reggel és este vigye fel az érintett területekre. Így a hatóanyagok még mélyebbre hatolnak, és az eredmények még gyorsabban láthatóvá válnak.</p>
<h5><strong>Hegkezelés és ránctalanítás</strong></h5>
<p>Keverjük össze a búzacsíra olajat a <strong>Aloe vera gél</strong>amíg lágy, krémes masszává nem válik. Ezt a rendkívül hatékony keveréket naponta alkalmazza a heges bőrre. Azonnal érezni fogja, ahogy a bőre hálásan magába szívja a nedvességet, valamint újra feszessé és simává válik. Napégés esetén többször alkalmazza a keveréket.</p>

<p>A <strong>Búzacsíraolaj Barack</strong> egy kismolekulájú testolaj, amely nagyon gyorsan felszívódik a bőrbe. A</p>
<ul>
<li>Csökkenti a hegek láthatóságát</li>
<li>Elhalványítja a striákat</li>
<li>alkalmas érzékeny bőrre</li>
<li>Nyugtatja és táplálja a bőrt</li>
</ul>
