{"id":16321,"date":"2023-07-27T06:48:09","date_gmt":"2023-07-27T06:48:09","guid":{"rendered":"https:\/\/shop.devepu.apollo.wpspace.me\/?post_type=product&#038;p=16321"},"modified":"2025-01-03T15:28:00","modified_gmt":"2025-01-03T14:28:00","slug":"vibracios-fezer","status":"publish","type":"product","link":"https:\/\/shapeline.at\/hu\/termek\/vibracios-fezer\/","title":{"rendered":"Vibr\u00e1ci\u00f3s f\u00e9zer r\u00e1nc sim\u00edt\u00f3"},"content":{"rendered":"<h3><strong>Olyan sz\u00e9p, mint a csillagok<\/strong><\/h3>\n<p>A <strong>Vibr\u00e1ci\u00f3s f\u00e9zer r\u00e1nc sim\u00edt\u00f3<\/strong> bemutatunk egy olyan sz\u00e9ps\u00e9gtrendet, amelyre m\u00e1r sok amerikai szt\u00e1r is esk\u00fcszik.<\/p>\n<p>A percenk\u00e9nti 7000 rezg\u00e9ssz\u00e1mmal az anionarany bevonattal ell\u00e1tott r\u00e1ncsim\u00edt\u00f3 pulz\u00e1lja a rendk\u00edv\u00fcl hat\u00e9kony hat\u00f3anyagokat, mint pl. <strong>Hyaluron<\/strong> eg\u00e9szen a b\u0151r legm\u00e9lyebb r\u00e9tegeiig. A megereszkedett b\u0151rfel\u00fcletek gyorsan \u00fajj\u00e1\u00e9p\u00fclnek. A mikromassz\u00e1zs fellaz\u00edtja az izomtapad\u00e1sokat, revitaliz\u00e1lja a f\u00e1radt szemeket \u00e9s kisim\u00edtja a szem alatti t\u00e1sk\u00e1kat, a r\u00e1ncok elt\u0171nnek, az arcizmok ellazulnak. Az eredm\u00e9nyek leny\u0171g\u00f6z\u0151ek:<\/p>\n<ul>\n<li><strong>Azonnali feszes\u00edt\u0151 hat\u00e1s,<\/strong> 7000 rezg\u00e9s\/perc felgyors\u00edtja a b\u0151r t\u00e1panyagfelv\u00e9tel\u00e9t. A hat\u00f3anyagok behatolnak a b\u0151r legm\u00e9lyebb r\u00e9teg\u00e9be is.<\/li>\n<li><strong>Seg\u00edt a b\u0151rprobl\u00e9m\u00e1kn\u00e1l,<\/strong> az elektrom\u00e1gneses fesz\u00fclts\u00e9g el\u0151seg\u00edti a v\u00e9rkering\u00e9st minden kezelt ter\u00fcleten, a b\u0151rhib\u00e1k gy\u00f3gyulnak.<\/li>\n<li><strong>Sima, feszes arckont\u00farok<\/strong>a m\u00e9ly aktiv\u00e1l\u00e1s k\u00e9slelteti a b\u0151r \u00f6reged\u00e9si folyamat\u00e1t<\/li>\n<\/ul>\n<h3><strong>Hialuron a 3-szoros komplexszel<\/strong><\/h3>\n<p>Mindenki err\u0151l besz\u00e9l, nek\u00fcnk is megvan: a HyaluronIC-r\u0151l besz\u00e9l\u00fcnk - egy k\u00fcl\u00f6n\u00f6sen ritka, nagy molekul\u00e1j\u00fa, k\u00f6zepes \u00e9s ultrar\u00f6vid l\u00e1nc\u00fa hialuronsavakb\u00f3l \u00e1ll\u00f3 hialuronsavkever\u00e9kr\u0151l. A Vibration Phaserrel \u00e1titatva ez a h\u00e1rmas komplex \u00e9rezhet\u0151en feszesebb\u00e9 teszi a b\u0151rt, aktiv\u00e1lja a kollag\u00e9nk\u00e9pz\u0151d\u00e9st \u00e9s l\u00e1that\u00f3an felt\u00f6lti a b\u0151r m\u00e9lyebb r\u00e9tegeit.<\/p>\n<h3><strong>Alkalmaz\u00e1s<\/strong><\/h3>\n<p>Egyszer\u0171en alkalmazza a HyaluronIC sz\u00e9rumot vagy hasonl\u00f3 hat\u00f3anyag\u00fa g\u00e9leket. Kapcsolja be a Vibration Phaser k\u00e9sz\u00fcl\u00e9ket, \u00e9s az intenz\u00edv rezg\u00e9sek azonnal m\u00e9lyen a b\u0151r\u00e9be juttatj\u00e1k az akt\u00edv hat\u00f3anyagokat. Finoman cs\u00fasztassa v\u00e9gig a f\u00e9zert a b\u0151r\u00e9n, \u00e9s ne nyomja \u00f6ssze a b\u0151rt. Maradjon tov\u00e1bb a r\u00e1ncos ter\u00fcleteken \u00e9s a f\u00e1radt izompontokon, \u00e9s egyszer\u0171en \"kivasalja\" a r\u00e1ncos b\u0151rt.<\/p>","protected":false},"excerpt":{"rendered":"<h3><strong>Olyan sz\u00e9p, mint a csillagok<\/strong><\/h3>\n<p>A <strong>Vibr\u00e1ci\u00f3s f\u00e9zer r\u00e1nc sim\u00edt\u00f3<\/strong> bemutatunk egy olyan sz\u00e9ps\u00e9gtrendet, amelyre m\u00e1r sok amerikai szt\u00e1r is esk\u00fcszik.<\/p>\n<p>A percenk\u00e9nti 7000 rezg\u00e9ssz\u00e1mmal az anionarany bevonattal ell\u00e1tott r\u00e1ncsim\u00edt\u00f3 pulz\u00e1lja a rendk\u00edv\u00fcl hat\u00e9kony hat\u00f3anyagokat, mint pl. <strong>Hyaluron<\/strong> eg\u00e9szen a b\u0151r legm\u00e9lyebb r\u00e9tegeiig. A megereszkedett b\u0151rz\u00f3n\u00e1k gyorsan \u00fajj\u00e1\u00e9p\u00fclnek.<\/p>","protected":false},"featured_media":16882,"template":"","meta":[],"product_brand":[],"product_cat":[272],"product_tag":[106,107,108,109,110],"class_list":{"0":"post-16321","1":"product","2":"type-product","3":"status-publish","4":"has-post-thumbnail","6":"product_cat-gesichtdekollete","7":"product_tag-anti-aging","8":"product_tag-bio-wirkstoffe","9":"product_tag-facelifting","10":"product_tag-profigeraet","11":"product_tag-straffung","13":"first","14":"instock","15":"taxable","16":"shipping-taxable","17":"purchasable","18":"product-type-simple"},"_links":{"self":[{"href":"https:\/\/shapeline.at\/hu\/wp-json\/wp\/v2\/product\/16321","targetHints":{"allow":["GET"]}}],"collection":[{"href":"https:\/\/shapeline.at\/hu\/wp-json\/wp\/v2\/product"}],"about":[{"href":"https:\/\/shapeline.at\/hu\/wp-json\/wp\/v2\/types\/product"}],"version-history":[{"count":7,"href":"https:\/\/shapeline.at\/hu\/wp-json\/wp\/v2\/product\/16321\/revisions"}],"predecessor-version":[{"id":246627,"href":"https:\/\/shapeline.at\/hu\/wp-json\/wp\/v2\/product\/16321\/revisions\/246627"}],"wp:featuredmedia":[{"embeddable":true,"href":"https:\/\/shapeline.at\/hu\/wp-json\/wp\/v2\/media\/16882"}],"wp:attachment":[{"href":"https:\/\/shapeline.at\/hu\/wp-json\/wp\/v2\/media?parent=16321"}],"wp:term":[{"taxonomy":"product_brand","embeddable":true,"href":"https:\/\/shapeline.at\/hu\/wp-json\/wp\/v2\/product_brand?post=16321"},{"taxonomy":"product_cat","embeddable":true,"href":"https:\/\/shapeline.at\/hu\/wp-json\/wp\/v2\/product_cat?post=16321"},{"taxonomy":"product_tag","embeddable":true,"href":"https:\/\/shapeline.at\/hu\/wp-json\/wp\/v2\/product_tag?post=16321"}],"curies":[{"name":"wp","href":"https:\/\/api.w.org\/{rel}","templated":true}]}}

Vibrációs fézer ránc simító

<h3><strong>Olyan szép, mint a csillagok</strong></h3>
<p>A <strong>Vibrációs fézer ránc simító</strong> bemutatunk egy olyan szépségtrendet, amelyre már sok amerikai sztár is esküszik.</p>
<p>A percenkénti 7000 rezgésszámmal az anionarany bevonattal ellátott ráncsimító pulzálja a rendkívül hatékony hatóanyagokat, mint pl. <strong>Hyaluron</strong> egészen a bőr legmélyebb rétegeiig. A megereszkedett bőrfelületek gyorsan újjáépülnek. A mikromasszázs fellazítja az izomtapadásokat, revitalizálja a fáradt szemeket és kisimítja a szem alatti táskákat, a ráncok eltűnnek, az arcizmok ellazulnak. Az eredmények lenyűgözőek:</p>
<ul>
<li><strong>Azonnali feszesítő hatás,</strong> 7000 rezgés/perc felgyorsítja a bőr tápanyagfelvételét. A hatóanyagok behatolnak a bőr legmélyebb rétegébe is.</li>
<li><strong>Segít a bőrproblémáknál,</strong> az elektromágneses feszültség elősegíti a vérkeringést minden kezelt területen, a bőrhibák gyógyulnak.</li>
<li><strong>Sima, feszes arckontúrok</strong>a mély aktiválás késlelteti a bőr öregedési folyamatát</li>
</ul>
<h3><strong>Hialuron a 3-szoros komplexszel</strong></h3>
<p>Mindenki erről beszél, nekünk is megvan: a HyaluronIC-ről beszélünk - egy különösen ritka, nagy molekulájú, közepes és ultrarövid láncú hialuronsavakból álló hialuronsavkeverékről. A Vibration Phaserrel átitatva ez a hármas komplex érezhetően feszesebbé teszi a bőrt, aktiválja a kollagénképződést és láthatóan feltölti a bőr mélyebb rétegeit.</p>
<h3><strong>Alkalmazás</strong></h3>
<p>Egyszerűen alkalmazza a HyaluronIC szérumot vagy hasonló hatóanyagú géleket. Kapcsolja be a Vibration Phaser készüléket, és az intenzív rezgések azonnal mélyen a bőrébe juttatják az aktív hatóanyagokat. Finoman csúsztassa végig a fézert a bőrén, és ne nyomja össze a bőrt. Maradjon tovább a ráncos területeken és a fáradt izompontokon, és egyszerűen "kivasalja" a ráncos bőrt.</p>

<h3><strong>Olyan szép, mint a csillagok</strong></h3>
<p>A <strong>Vibrációs fézer ránc simító</strong> bemutatunk egy olyan szépségtrendet, amelyre már sok amerikai sztár is esküszik.</p>
<p>A percenkénti 7000 rezgésszámmal az anionarany bevonattal ellátott ráncsimító pulzálja a rendkívül hatékony hatóanyagokat, mint pl. <strong>Hyaluron</strong> egészen a bőr legmélyebb rétegeiig. A megereszkedett bőrzónák gyorsan újjáépülnek.</p>
