{"id":16356,"date":"2023-07-27T06:48:13","date_gmt":"2023-07-27T06:48:13","guid":{"rendered":"https:\/\/shop.devepu.apollo.wpspace.me\/?post_type=product&#038;p=16356"},"modified":"2026-04-30T05:46:15","modified_gmt":"2026-04-30T04:46:15","slug":"peel-boost-duo","status":"publish","type":"product","link":"https:\/\/shapeline.at\/hu\/termek\/peel-boost-duo\/","title":{"rendered":"Peel &amp; Boost Duo"},"content":{"rendered":"<h3><strong>\u00daj\u00edtsa meg b\u0151r\u00e9t<\/strong><\/h3>\n<p>B\u0151r\u00e9nek mindig sz\u00fcks\u00e9ge van regener\u00e1l\u00f3d\u00e1sra, ami a meg\u00fajul\u00e1s szinonim\u00e1ja. A b\u0151rfel\u00fclet \"\u00e1t\u00e9p\u00fcl\", a sz\u00e1raz b\u0151rsejtek meg\u00fajulnak, a v\u00e9rkering\u00e9s meger\u0151s\u00f6dik \u00e9s serkent\u0151dik. A gyeng\u00e9d <strong>Kollag\u00e9n peeling<\/strong> elt\u00e1vol\u00edtja az elhalt h\u00e1msejteket \u00e9s kisim\u00edtja a b\u0151rt. Ugyanakkor a benne l\u00e9v\u0151 <strong>Kollag\u00e9n<\/strong> a sz\u00f6vet fenntarthat\u00f3 m\u00f3don. A <strong>Vadvir\u00e1g aromaolaj <\/strong>gy\u00f3gyn\u00f6v\u00e9nykivonataival, feszes\u00edt\u0151 vir\u00e1golajok kokt\u00e9lj\u00e1val \u00e9s nyirokm\u0171k\u00f6d\u00e9st serkent\u0151 n\u00f6v\u00e9nyi olajokkal \u00e9l\u00e9nk\u00edti \u00e9s \u00e9l\u00e9nk\u00edti a b\u0151rt, \u00e9s cs\u00f6kkenti a puffad\u00e1st. Emellett er\u0151s\u00edti \u00e9s feszes\u00edti a megereszkedett b\u0151rt, \u00e9s megtartja a nedvess\u00e9get a b\u0151r fels\u0151 r\u00e9tegeiben.<\/p>\n<h3><strong>Alkalmaz\u00e1s<\/strong><\/h3>\n<h5><strong>K\u00edm\u00e9letes meg\u00fajul\u00e1s - 1. l\u00e9p\u00e9s: Kollag\u00e9nes testh\u00e1mlaszt\u00e1s<\/strong><\/h5>\n<p>Hetente egyszer vagy k\u00e9tszer gyeng\u00e9den massz\u00edrozza be a nedves, megtiszt\u00edtott b\u0151rbe. K\u00e9rj\u00fck, ford\u00edtson k\u00fcl\u00f6n\u00f6s figyelmet a durva b\u0151rfel\u00fcletekre: k\u00fcl\u00f6n\u00f6sen a k\u00f6ny\u00f6kre, a t\u00e9rdre \u00e9s a l\u00e1bfejre. Ut\u00e1na alaposan \u00f6bl\u00edtse le a b\u0151rt.<\/p>\n<h5><strong>T\u00e1pl\u00e1l\u00f3 gondoskod\u00e1s - 2. l\u00e9p\u00e9s:<\/strong> <strong>Megh\u00faz\u00e1s a<\/strong> <strong>Vadvir\u00e1golaj <\/strong><\/h5>\n<p>Massz\u00edrozza be naponta a gy\u00f3gyn\u00f6v\u00e9nykivonatokat tartalmaz\u00f3 vadvir\u00e1golajjal. A t\u00e1pl\u00e1l\u00f3 hat\u00f3anyagok t\u00e1pl\u00e1lj\u00e1k, regener\u00e1lj\u00e1k \u00e9s feszes\u00edtik b\u0151r\u00e9t. Az olaj minden b\u0151rt\u00edpusra aj\u00e1nlott.<\/p>","protected":false},"excerpt":{"rendered":"<h3><strong>\u00daj\u00edtsa meg b\u0151r\u00e9t<\/strong><\/h3>\n<p>B\u0151r\u00e9nek mindig sz\u00fcks\u00e9ge van regener\u00e1l\u00f3d\u00e1sra, ami a meg\u00fajul\u00e1s szinonim\u00e1ja. A b\u0151rfel\u00fclet \"\u00e1t\u00e9p\u00fcl\", a sz\u00e1raz b\u0151rsejtek meg\u00fajulnak, a v\u00e9rkering\u00e9s meger\u0151s\u00f6dik \u00e9s serkent\u0151dik. A gyeng\u00e9d <strong>Kollag\u00e9n peeling<\/strong> elt\u00e1vol\u00edtja az elhalt h\u00e1msejteket \u00e9s kisim\u00edtja a b\u0151rt. Ugyanakkor a benne l\u00e9v\u0151 <strong>Kollag\u00e9n<\/strong> a sz\u00f6vet fenntarthat\u00f3 m\u00f3don. A <strong>Vadvir\u00e1g aromaolaj <\/strong>gy\u00f3gyn\u00f6v\u00e9nykivonataival, feszes\u00edt\u0151 vir\u00e1golajok kokt\u00e9lj\u00e1val \u00e9s nyirokm\u0171k\u00f6d\u00e9st serkent\u0151 n\u00f6v\u00e9nyi olajokkal \u00e9l\u00e9nk\u00edti \u00e9s \u00e9l\u00e9nk\u00edti a b\u0151rt, \u00e9s cs\u00f6kkenti a puffad\u00e1st. Emellett er\u0151s\u00edti \u00e9s feszes\u00edti a megereszkedett b\u0151rt, \u00e9s megtartja a nedvess\u00e9get a b\u0151r fels\u0151 r\u00e9tegeiben.<\/p>","protected":false},"featured_media":16864,"template":"","meta":[],"product_brand":[],"product_cat":[270,73],"product_tag":[112,123,124,125,126,80,127,128,75,129,130],"class_list":{"0":"post-16356","1":"product","2":"type-product","3":"status-publish","4":"has-post-thumbnail","6":"product_cat-aetherischebodyoele","7":"product_cat-pflegeprodukte","8":"product_tag-aromaoel","9":"product_tag-body","10":"product_tag-bodypeeling","11":"product_tag-duo","12":"product_tag-kollagen","13":"product_tag-koerper","14":"product_tag-koerperpeeling","15":"product_tag-kur","16":"product_tag-oel","17":"product_tag-peeling","18":"product_tag-wildbluete","20":"first","21":"onbackorder","22":"taxable","23":"shipping-taxable","24":"purchasable","25":"product-type-simple"},"_links":{"self":[{"href":"https:\/\/shapeline.at\/hu\/wp-json\/wp\/v2\/product\/16356","targetHints":{"allow":["GET"]}}],"collection":[{"href":"https:\/\/shapeline.at\/hu\/wp-json\/wp\/v2\/product"}],"about":[{"href":"https:\/\/shapeline.at\/hu\/wp-json\/wp\/v2\/types\/product"}],"version-history":[{"count":7,"href":"https:\/\/shapeline.at\/hu\/wp-json\/wp\/v2\/product\/16356\/revisions"}],"predecessor-version":[{"id":246721,"href":"https:\/\/shapeline.at\/hu\/wp-json\/wp\/v2\/product\/16356\/revisions\/246721"}],"wp:featuredmedia":[{"embeddable":true,"href":"https:\/\/shapeline.at\/hu\/wp-json\/wp\/v2\/media\/16864"}],"wp:attachment":[{"href":"https:\/\/shapeline.at\/hu\/wp-json\/wp\/v2\/media?parent=16356"}],"wp:term":[{"taxonomy":"product_brand","embeddable":true,"href":"https:\/\/shapeline.at\/hu\/wp-json\/wp\/v2\/product_brand?post=16356"},{"taxonomy":"product_cat","embeddable":true,"href":"https:\/\/shapeline.at\/hu\/wp-json\/wp\/v2\/product_cat?post=16356"},{"taxonomy":"product_tag","embeddable":true,"href":"https:\/\/shapeline.at\/hu\/wp-json\/wp\/v2\/product_tag?post=16356"}],"curies":[{"name":"wp","href":"https:\/\/api.w.org\/{rel}","templated":true}]}}

<h3><strong>Újítsa meg bőrét</strong></h3>
<p>Bőrének mindig szüksége van regenerálódásra, ami a megújulás szinonimája. A bőrfelület "átépül", a száraz bőrsejtek megújulnak, a vérkeringés megerősödik és serkentődik. A gyengéd <strong>Kollagén peeling</strong> eltávolítja az elhalt hámsejteket és kisimítja a bőrt. Ugyanakkor a benne lévő <strong>Kollagén</strong> a szövet fenntartható módon. A <strong>Vadvirág aromaolaj </strong>gyógynövénykivonataival, feszesítő virágolajok koktéljával és nyirokműködést serkentő növényi olajokkal élénkíti és élénkíti a bőrt, és csökkenti a puffadást. Emellett erősíti és feszesíti a megereszkedett bőrt, és megtartja a nedvességet a bőr felső rétegeiben.</p>
<h3><strong>Alkalmazás</strong></h3>
<h5><strong>Kíméletes megújulás - 1. lépés: Kollagénes testhámlasztás</strong></h5>
<p>Hetente egyszer vagy kétszer gyengéden masszírozza be a nedves, megtisztított bőrbe. Kérjük, fordítson különös figyelmet a durva bőrfelületekre: különösen a könyökre, a térdre és a lábfejre. Utána alaposan öblítse le a bőrt.</p>
<h5><strong>Tápláló gondoskodás - 2. lépés:</strong> <strong>Meghúzás a</strong> <strong>Vadvirágolaj </strong></h5>
<p>Masszírozza be naponta a gyógynövénykivonatokat tartalmazó vadvirágolajjal. A tápláló hatóanyagok táplálják, regenerálják és feszesítik bőrét. Az olaj minden bőrtípusra ajánlott.</p>

<h3><strong>Újítsa meg bőrét</strong></h3>
<p>Bőrének mindig szüksége van regenerálódásra, ami a megújulás szinonimája. A bőrfelület "átépül", a száraz bőrsejtek megújulnak, a vérkeringés megerősödik és serkentődik. A gyengéd <strong>Kollagén peeling</strong> eltávolítja az elhalt hámsejteket és kisimítja a bőrt. Ugyanakkor a benne lévő <strong>Kollagén</strong> a szövet fenntartható módon. A <strong>Vadvirág aromaolaj </strong>gyógynövénykivonataival, feszesítő virágolajok koktéljával és nyirokműködést serkentő növényi olajokkal élénkíti és élénkíti a bőrt, és csökkenti a puffadást. Emellett erősíti és feszesíti a megereszkedett bőrt, és megtartja a nedvességet a bőr felső rétegeiben.</p>
