{"id":16463,"date":"2023-07-27T06:48:27","date_gmt":"2023-07-27T06:48:27","guid":{"rendered":"https:\/\/shop.devepu.apollo.wpspace.me\/?post_type=product&#038;p=16463"},"modified":"2026-04-16T15:52:17","modified_gmt":"2026-04-16T14:52:17","slug":"jojoba-fahej-gel","status":"publish","type":"product","link":"https:\/\/shapeline.at\/hu\/termek\/jojoba-fahej-gel\/","title":{"rendered":"Jojoba-fah\u00e9j g\u00e9l 50ml"},"content":{"rendered":"<p>A feszes\u00edt\u0151 <strong>Jojoba fah\u00e9j g\u00e9l<\/strong> a n\u0151i sziluett k\u00edv\u00e1nt v\u00e1ltoz\u00e1saira ir\u00e1nyul: sim\u00e1bb b\u0151r, karcs\u00fabb der\u00e9k, \u00e1ltal\u00e1ban vonz\u00f3bb megjelen\u00e9s \u00e9s feszesebb hasi ter\u00fclet. A kezelt ter\u00fcletek hamarosan \u00fajra feszesek \u00e9s rugalmasak lesznek, a b\u0151r rugalmass\u00e1ga megn\u0151, a k\u00f6t\u0151sz\u00f6vet pedig m\u00e9regtelen\u00edt\u0151dik. Egyszerre t\u00f6bb hat\u00e1s el\u0151nyeit \u00e9lvezheti, feszes b\u0151rt kap, amely feszesnek \u00e9s fiatalosan frissnek is t\u0171nik. A g\u00e9l<\/p>\n<ul>\n<li>N\u00f6veli a b\u0151r rugalmass\u00e1g\u00e1t<\/li>\n<li>Jav\u00edtja a sejtek anyagcser\u00e9j\u00e9t<\/li>\n<li>m\u00e9regtelen\u00edti a k\u00f6t\u0151sz\u00f6vetet<\/li>\n<\/ul>\n<h3><strong>\u00d6sszetev\u0151k<\/strong><\/h3>\n<p>Term\u00e9szetes anyagok<strong> Jojoba<\/strong> \u00e9s <strong>Fah\u00e9j<\/strong> feszes\u00edti \u00e9s jav\u00edtja a sejtek anyagcser\u00e9j\u00e9t. A s\u00e1fr\u00e1ny \u00e9s a ny\u00edrfa tehermentes\u00edti a k\u00f6t\u0151sz\u00f6vetet \u00e9s er\u0151s\u00edti a b\u0151r rugalmass\u00e1g\u00e1t.<\/p>\n<h3><strong>Alkalmaz\u00e1s<\/strong><\/h3>\n<p>Massz\u00edrozzuk be egyszer vagy k\u00e9tszer, lehet\u0151leg reggel \u00e9s este, nagyvonal\u00fa, k\u00f6rk\u00f6r\u00f6s mozdulatokkal az \u00e9rintett testr\u00e9szeken, \u00e9s legal\u00e1bb h\u00e1rom-n\u00e9gy h\u00e9ten kereszt\u00fcl alkalmazzuk.<\/p>\n<h3><strong>\u00c1bra szak\u00e9rt\u0151i tipp<\/strong><\/h3>\n<h5><strong>Rendk\u00edv\u00fcl hat\u00e9kony kever\u00e9kek a b\u0151r sz\u00e1m\u00e1ra<\/strong><\/h5>\n<p>D\u00f6rzs\u00f6lje a n\u00e9pszer\u0171 <strong>Arom\u00e1s olajok<\/strong> a tenyer\u00e9ben 1:1 ar\u00e1nyban a jojoba fah\u00e9j g\u00e9llel, hogy l\u00e1gy, kr\u00e9mes massz\u00e1t k\u00e9pezzen. A kis molekul\u00e1j\u00fa <strong>Arom\u00e1s olajok<\/strong> A kr\u00e9mek hat\u00f3anyagai a sz\u00f6vetek legm\u00e9lyebb r\u00e9tegeibe jutnak el, \u00edgy hat\u00e1suk sokszoros\u00e1ra fokoz\u00f3dik.<\/p>\n<h5><strong>Szoros du\u00f3<\/strong><\/h5>\n<p>Pr\u00f3b\u00e1lja ki, \u00e9s k\u00e9nyeztesse b\u0151r\u00e9t egy hossz\u00fa f\u00fcrd\u0151 ut\u00e1n. Vagy haszn\u00e1lja a \"feszes\u00edt\u0151 du\u00f3t\" zuhanyz\u00e1s ut\u00e1n. Keverje \u00f6ssze a <strong>Vadvir\u00e1g aromaolaj<\/strong> a jojoba-fah\u00e9j g\u00e9llel. Ezut\u00e1n tapogassa v\u00e9gig ezt a rendk\u00edv\u00fcl hat\u00e9kony kever\u00e9ket a megereszkedett ter\u00fcleteken. \u00c9rezni fogja, ahogy a b\u0151re felsz\u00edvja a t\u00e1pl\u00e1l\u00f3 anyagokat, \u00e9s \u00fajra sima \u00e9s feszes lesz. A hat\u00f3anyagok m\u00e9lyen behatol\u00f3 hat\u00e1s\u00e1nak k\u00f6sz\u00f6nhet\u0151en az eredm\u00e9nyek m\u00e9g gyorsabban l\u00e1that\u00f3v\u00e1 v\u00e1lnak.<\/p>","protected":false},"excerpt":{"rendered":"<p>A feszes\u00edt\u0151 jojoba-fah\u00e9j g\u00e9l a n\u0151i sziluett k\u00edv\u00e1nt v\u00e1ltoz\u00e1sait c\u00e9lozza meg: sim\u00e1bb b\u0151r \u00e9s karcs\u00fabb der\u00e9kb\u0151s\u00e9g,<\/p>","protected":false},"featured_media":16707,"template":"","meta":[],"product_brand":[],"product_cat":[73],"product_tag":[],"class_list":{"0":"post-16463","1":"product","2":"type-product","3":"status-publish","4":"has-post-thumbnail","6":"product_cat-pflegeprodukte","8":"first","9":"instock","10":"taxable","11":"shipping-taxable","12":"purchasable","13":"product-type-simple"},"_links":{"self":[{"href":"https:\/\/shapeline.at\/hu\/wp-json\/wp\/v2\/product\/16463","targetHints":{"allow":["GET"]}}],"collection":[{"href":"https:\/\/shapeline.at\/hu\/wp-json\/wp\/v2\/product"}],"about":[{"href":"https:\/\/shapeline.at\/hu\/wp-json\/wp\/v2\/types\/product"}],"version-history":[{"count":6,"href":"https:\/\/shapeline.at\/hu\/wp-json\/wp\/v2\/product\/16463\/revisions"}],"predecessor-version":[{"id":241632,"href":"https:\/\/shapeline.at\/hu\/wp-json\/wp\/v2\/product\/16463\/revisions\/241632"}],"wp:featuredmedia":[{"embeddable":true,"href":"https:\/\/shapeline.at\/hu\/wp-json\/wp\/v2\/media\/16707"}],"wp:attachment":[{"href":"https:\/\/shapeline.at\/hu\/wp-json\/wp\/v2\/media?parent=16463"}],"wp:term":[{"taxonomy":"product_brand","embeddable":true,"href":"https:\/\/shapeline.at\/hu\/wp-json\/wp\/v2\/product_brand?post=16463"},{"taxonomy":"product_cat","embeddable":true,"href":"https:\/\/shapeline.at\/hu\/wp-json\/wp\/v2\/product_cat?post=16463"},{"taxonomy":"product_tag","embeddable":true,"href":"https:\/\/shapeline.at\/hu\/wp-json\/wp\/v2\/product_tag?post=16463"}],"curies":[{"name":"wp","href":"https:\/\/api.w.org\/{rel}","templated":true}]}}

Jojoba-fahéj gél 50ml

<p>A feszesítő <strong>Jojoba fahéj gél</strong> a női sziluett kívánt változásaira irányul: simább bőr, karcsúbb derék, általában vonzóbb megjelenés és feszesebb hasi terület. A kezelt területek hamarosan újra feszesek és rugalmasak lesznek, a bőr rugalmassága megnő, a kötőszövet pedig méregtelenítődik. Egyszerre több hatás előnyeit élvezheti, feszes bőrt kap, amely feszesnek és fiatalosan frissnek is tűnik. A gél</p>
<ul>
<li>Növeli a bőr rugalmasságát</li>
<li>Javítja a sejtek anyagcseréjét</li>
<li>méregteleníti a kötőszövetet</li>
</ul>
<h3><strong>Összetevők</strong></h3>
<p>Természetes anyagok<strong> Jojoba</strong> és <strong>Fahéj</strong> feszesíti és javítja a sejtek anyagcseréjét. A sáfrány és a nyírfa tehermentesíti a kötőszövetet és erősíti a bőr rugalmasságát.</p>
<h3><strong>Alkalmazás</strong></h3>
<p>Masszírozzuk be egyszer vagy kétszer, lehetőleg reggel és este, nagyvonalú, körkörös mozdulatokkal az érintett testrészeken, és legalább három-négy héten keresztül alkalmazzuk.</p>
<h3><strong>Ábra szakértői tipp</strong></h3>
<h5><strong>Rendkívül hatékony keverékek a bőr számára</strong></h5>
<p>Dörzsölje a népszerű <strong>Aromás olajok</strong> a tenyerében 1:1 arányban a jojoba fahéj géllel, hogy lágy, krémes masszát képezzen. A kis molekulájú <strong>Aromás olajok</strong> A krémek hatóanyagai a szövetek legmélyebb rétegeibe jutnak el, így hatásuk sokszorosára fokozódik.</p>
<h5><strong>Szoros duó</strong></h5>
<p>Próbálja ki, és kényeztesse bőrét egy hosszú fürdő után. Vagy használja a "feszesítő duót" zuhanyzás után. Keverje össze a <strong>Vadvirág aromaolaj</strong> a jojoba-fahéj géllel. Ezután tapogassa végig ezt a rendkívül hatékony keveréket a megereszkedett területeken. Érezni fogja, ahogy a bőre felszívja a tápláló anyagokat, és újra sima és feszes lesz. A hatóanyagok mélyen behatoló hatásának köszönhetően az eredmények még gyorsabban láthatóvá válnak.</p>

<p>A feszesítő jojoba-fahéj gél a női sziluett kívánt változásait célozza meg: simább bőr és karcsúbb derékbőség,</p>
