{"id":16464,"date":"2023-07-27T06:48:27","date_gmt":"2023-07-27T06:48:27","guid":{"rendered":"https:\/\/shop.devepu.apollo.wpspace.me\/?post_type=product&#038;p=16464"},"modified":"2026-04-01T07:36:59","modified_gmt":"2026-04-01T06:36:59","slug":"hinar-termo-krem-2","status":"publish","type":"product","link":"https:\/\/shapeline.at\/hu\/termek\/hinar-termo-krem-2\/","title":{"rendered":"Tengeri moszat termo kr\u00e9m 50ml"},"content":{"rendered":"<h3><strong>A zs\u00edrnak mennie kell<\/strong><\/h3>\n<p>\u00d6n is azok k\u00f6z\u00e9 tartozik, akik t\u00f6bb hasat cipelnek maguk el\u0151tt, mint amennyit szeretn\u00e9nek? A <strong>H\u00edn\u00e1r term\u00e1lkr\u00e9m<\/strong> a sikered kezdet\u00e9nek \u00e9p\u00edt\u0151k\u00f6ve.<\/p>\n<p>A kr\u00e9m ide\u00e1lis edz\u0151partner, k\u00fcl\u00f6n\u00f6sen a hasi ter\u00fclet sz\u00e1m\u00e1ra. \u00c9l\u00e9nk\u00edt\u0151, enyh\u00e9n meleg\u00edt\u0151 hat\u00e1sa t\u00e1mogatja a has \u00e9s a cs\u00edp\u0151 ter\u00fclet\u00e9n l\u00e9v\u0151 felesleges zs\u00edrsejtek term\u00e9szetes cs\u00f6kkent\u00e9s\u00e9t. \u00d6n<\/p>\n<ul>\n<li>Aktiv\u00e1lja az anyagcser\u00e9t<\/li>\n<li>Felmeleg\u00edti a probl\u00e9m\u00e1s ter\u00fcleteket<\/li>\n<li>felgyors\u00edtja a zs\u00edr energi\u00e1v\u00e1 t\u00f6rt\u00e9n\u0151 \u00e1talak\u00edt\u00e1s\u00e1t<\/li>\n<\/ul>\n<h3><strong>\u00d6sszetev\u0151k<\/strong><\/h3>\n<ul>\n<li>A magas ar\u00e1ny\u00fa <strong>Tengeri moszat<\/strong> Toniz\u00e1l\u00f3, m\u00e9regtelen\u00edt\u0151 \u00e9s enyh\u00e9n meleg\u00edt\u0151 hat\u00e1s\u00fa.<\/li>\n<li><strong>Zsizsik<\/strong> M\u00e9lyen behatol a sz\u00f6vetekbe \u00e9s el\u0151seg\u00edti az anyagcser\u00e9t.<\/li>\n<li><strong>L\u00f3 gesztenye<\/strong> serkenti a v\u00e9rkering\u00e9st<\/li>\n<\/ul>\n<h3><strong>Alkalmaz\u00e1s<\/strong><\/h3>\n<p>A f\u0171t\u0151 hat\u00f3anyagokat legal\u00e1bb h\u00e1rom-n\u00e9gy h\u00e9tig folyamatosan kell haszn\u00e1lni. A kr\u00e9met naponta egyszer vagy k\u00e9tszer, nagyvonal\u00fa, k\u00f6rk\u00f6r\u00f6s massz\u00e1zsmozdulatokkal massz\u00edrozza a b\u0151rbe. K\u00fcl\u00f6n\u00f6sen azokra a ter\u00fcletekre koncentr\u00e1ljon, ahol makacs zs\u00edrlerak\u00f3d\u00e1sok vannak.<\/p>\n<h3><strong>\u00c1bra szak\u00e9rt\u0151i tipp<\/strong><\/h3>\n<h5><strong>\u00c1ll\u00edtsa \u00f6ssze saj\u00e1t szem\u00e9lyes Fat Stop Setj\u00e9t<\/strong><\/h5>\n<p>Vigyen fel egy cseresznye nagys\u00e1g\u00fa adag h\u00edn\u00e1r term\u00e1lkr\u00e9met a tenyer\u00e9re, \u00e9s keverje \u00f6ssze a <strong>Hegyi gy\u00f3gyn\u00f6v\u00e9nyek aromaolaj<\/strong>am\u00edg l\u00e1gy, kr\u00e9mes massz\u00e1v\u00e1 nem v\u00e1lik. Az olajjal val\u00f3 \u00e1titat\u00e1ssal a hat\u00e1s m\u00e9lyebben \u00e9s jobban kibontakozhat, \u00e9s az eredm\u00e9nyek gyorsabban l\u00e1that\u00f3v\u00e1 v\u00e1lnak.<\/p>\n<p>A rendk\u00edv\u00fcl hat\u00e9kony kever\u00e9ket reggel \u00e9s este nagyvonal\u00fa massz\u00edroz\u00f3 mozdulatokkal massz\u00edrozza be a probl\u00e9m\u00e1s ter\u00fcletekre.<\/p>\n<p>Keverj\u00fck \u00f6ssze <strong>Aromaolajok<\/strong> a tenyer\u00e9ben 1:1 ar\u00e1nyban a tengeri alg\u00e1s term\u00e1lkr\u00e9mmel, hogy l\u00e1gy \u00e9s kr\u00e9mes massz\u00e1t k\u00e9pezzen. A kismolekul\u00e1j\u00fa olajok \"k\u00fasz\u00f3 tulajdons\u00e1g\u00e1nak\" k\u00f6sz\u00f6nhet\u0151en a kr\u00e9mek hat\u00f3anyagai a sz\u00f6vetek legm\u00e9lyebb r\u00e9tegeibe is eljutnak, \u00e9s \u00edgy sokszoros\u00e1ra fokozz\u00e1k a hat\u00e1st.<\/p>","protected":false},"excerpt":{"rendered":"<p>A pocaknak mennie kell Te is azok k\u00f6z\u00e9 tartozol, akik t\u00f6bb hasat cipelnek maguk el\u0151tt, mint amennyit szeretn\u00e9nek? A<\/p>","protected":false},"featured_media":16696,"template":"","meta":[],"product_brand":[],"product_cat":[271],"product_tag":[],"class_list":{"0":"post-16464","1":"product","2":"type-product","3":"status-publish","4":"has-post-thumbnail","6":"product_cat-schlankpflege","8":"first","9":"instock","10":"taxable","11":"shipping-taxable","12":"purchasable","13":"product-type-simple"},"supplier_id":null,"supplier_sku":"","barcode":null,"atum_controlled":true,"out_stock_date":null,"out_stock_threshold":null,"inheritable":false,"inbound_stock":0,"stock_on_hold":0,"sold_today":0,"sales_last_days":0,"reserved_stock":0,"customer_returns":0,"warehouse_damage":0,"lost_in_post":0,"other_logs":0,"out_stock_days":0,"lost_sales":0,"has_location":false,"update_date":"2026-04-26T00:03:40","atum_locations":[],"atum_stock_status":"instock","restock_status":false,"low_stock_amount":"","sales_update_date":"2026-04-26T00:03:40","calc_backorders":null,"_links":{"self":[{"href":"https:\/\/shapeline.at\/hu\/wp-json\/wp\/v2\/product\/16464","targetHints":{"allow":["GET"]}}],"collection":[{"href":"https:\/\/shapeline.at\/hu\/wp-json\/wp\/v2\/product"}],"about":[{"href":"https:\/\/shapeline.at\/hu\/wp-json\/wp\/v2\/types\/product"}],"version-history":[{"count":7,"href":"https:\/\/shapeline.at\/hu\/wp-json\/wp\/v2\/product\/16464\/revisions"}],"predecessor-version":[{"id":241643,"href":"https:\/\/shapeline.at\/hu\/wp-json\/wp\/v2\/product\/16464\/revisions\/241643"}],"wp:featuredmedia":[{"embeddable":true,"href":"https:\/\/shapeline.at\/hu\/wp-json\/wp\/v2\/media\/16696"}],"wp:attachment":[{"href":"https:\/\/shapeline.at\/hu\/wp-json\/wp\/v2\/media?parent=16464"}],"wp:term":[{"taxonomy":"product_brand","embeddable":true,"href":"https:\/\/shapeline.at\/hu\/wp-json\/wp\/v2\/product_brand?post=16464"},{"taxonomy":"product_cat","embeddable":true,"href":"https:\/\/shapeline.at\/hu\/wp-json\/wp\/v2\/product_cat?post=16464"},{"taxonomy":"product_tag","embeddable":true,"href":"https:\/\/shapeline.at\/hu\/wp-json\/wp\/v2\/product_tag?post=16464"}],"curies":[{"name":"wp","href":"https:\/\/api.w.org\/{rel}","templated":true}]}}

Tengeri moszat termo krém 50ml

<h3><strong>A zsírnak mennie kell</strong></h3>
<p>Ön is azok közé tartozik, akik több hasat cipelnek maguk előtt, mint amennyit szeretnének? A <strong>Hínár termálkrém</strong> a sikered kezdetének építőköve.</p>
<p>A krém ideális edzőpartner, különösen a hasi terület számára. Élénkítő, enyhén melegítő hatása támogatja a has és a csípő területén lévő felesleges zsírsejtek természetes csökkentését. Ön</p>
<ul>
<li>Aktiválja az anyagcserét</li>
<li>Felmelegíti a problémás területeket</li>
<li>felgyorsítja a zsír energiává történő átalakítását</li>
</ul>
<h3><strong>Összetevők</strong></h3>
<ul>
<li>A magas arányú <strong>Tengeri moszat</strong> Tonizáló, méregtelenítő és enyhén melegítő hatású.</li>
<li><strong>Zsizsik</strong> Mélyen behatol a szövetekbe és elősegíti az anyagcserét.</li>
<li><strong>Ló gesztenye</strong> serkenti a vérkeringést</li>
</ul>
<h3><strong>Alkalmazás</strong></h3>
<p>A fűtő hatóanyagokat legalább három-négy hétig folyamatosan kell használni. A krémet naponta egyszer vagy kétszer, nagyvonalú, körkörös masszázsmozdulatokkal masszírozza a bőrbe. Különösen azokra a területekre koncentráljon, ahol makacs zsírlerakódások vannak.</p>
<h3><strong>Ábra szakértői tipp</strong></h3>
<h5><strong>Állítsa össze saját személyes Fat Stop Setjét</strong></h5>
<p>Vigyen fel egy cseresznye nagyságú adag hínár termálkrémet a tenyerére, és keverje össze a <strong>Hegyi gyógynövények aromaolaj</strong>amíg lágy, krémes masszává nem válik. Az olajjal való átitatással a hatás mélyebben és jobban kibontakozhat, és az eredmények gyorsabban láthatóvá válnak.</p>
<p>A rendkívül hatékony keveréket reggel és este nagyvonalú masszírozó mozdulatokkal masszírozza be a problémás területekre.</p>
<p>Keverjük össze <strong>Aromaolajok</strong> a tenyerében 1:1 arányban a tengeri algás termálkrémmel, hogy lágy és krémes masszát képezzen. A kismolekulájú olajok "kúszó tulajdonságának" köszönhetően a krémek hatóanyagai a szövetek legmélyebb rétegeibe is eljutnak, és így sokszorosára fokozzák a hatást.</p>

<p>A pocaknak mennie kell Te is azok közé tartozol, akik több hasat cipelnek maguk előtt, mint amennyit szeretnének? A</p>
