{"id":16466,"date":"2023-07-27T06:48:28","date_gmt":"2023-07-27T06:48:28","guid":{"rendered":"https:\/\/shop.devepu.apollo.wpspace.me\/?post_type=product&#038;p=16466"},"modified":"2026-03-27T20:27:30","modified_gmt":"2026-03-27T19:27:30","slug":"kollagen-pakolas-keszlet","status":"publish","type":"product","link":"https:\/\/shapeline.at\/hu\/termek\/kollagen-pakolas-keszlet\/","title":{"rendered":"Kollag\u00e9n pakol\u00e1s k\u00e9szlet"},"content":{"rendered":"<h3><strong>Amikor a sz\u00f6vet \"elernyed\" - \"azonnali hat\u00e1s\u00fa\" \u00f6sszeh\u00faz\u00f3d\u00e1s<\/strong><\/h3>\n<p>A kollag\u00e9nek a legfontosabb feh\u00e9rj\u00e9k a sima sz\u00f6vetek \u00e9s a feszes b\u0151r fenntart\u00e1s\u00e1hoz. A kollag\u00e9ntartalom 10 \u00e9vente k\u00f6r\u00fclbel\u00fcl 7%-tal cs\u00f6kken. Fokozatosan r\u00e1ncok, megereszkedett g\u00f6dr\u00f6csk\u00e9k \u00e9s zs\u00edrdudorok alakulnak ki a hason, a combokon \u00e9s a felkarokon. A kollag\u00e9npakol\u00e1s szettel ide\u00e1lisan felk\u00e9sz\u00fclhet az otthoni k\u00fczdelemre. Az otthoni kollag\u00e9n pakol\u00e1s szett a k\u00f6vetkez\u0151ket tartalmazza:<\/p>\n<ul>\n<li>200ml kollag\u00e9n koncentr\u00e1tum 4 kezel\u00e9shez<\/li>\n<li>50 ml jojoba-fah\u00e9j g\u00e9l \/ ut\u00f3kezel\u00e9s<\/li>\n<li>2 pamut k\u00f6tszer<\/li>\n<\/ul>\n<p>Bei dieser Anwendung werden Baumwollbandagen verwendet, die mit einem Kollagen-Extrakt getr\u00e4nkt sind. Die Haut erh\u00e4lt durch den Wickel wertvolle Inhaltsstoffe.\u00a0Das Treatment eignet sich f\u00fcr schlaffe Zonen an Armen, Beinen, Bauch und Po.<\/p>\n<h3><strong>Fokozza a feszes\u00edt\u0151 hat\u00e1st <\/strong><\/h3>\n<p>Minden kollag\u00e9n pakol\u00e1s el\u0151tt v\u00e9gezzen gyeng\u00e9d testrad\u00edroz\u00e1st. A Shape-Line egy gyeng\u00e9d, nagyon hat\u00e1sos <strong>Kollag\u00e9n peeling<\/strong> on. A h\u00e1mlaszt\u00e1s elt\u00e1vol\u00edtja az elhalt h\u00e1msejteket, \u00edgy a hat\u00f3anyagok jobban felsz\u00edv\u00f3dnak. A h\u00e1mlaszt\u00e1s sokszorosan feler\u0151s\u00edti a kollag\u00e9npakol\u00e1s hat\u00e1s\u00e1t.<\/p>\n<h3><strong>Alkalmaz\u00e1s<\/strong><\/h3>\n<h5><strong>El\u0151k\u00e9sz\u00edt\u00e9s<\/strong><\/h5>\n<p>Mossa ki a k\u00f6tszereket l\u00e1gy\u00edt\u00f3szer n\u00e9lk\u00fcl, \u00e9s tegye \u0151ket egy tart\u00e1lyba. A koncentr\u00e1tum (200 ml) n\u00e9gy r\u00e9szleges testkezel\u00e9shez elegend\u0151, egyenk\u00e9nt k\u00e9t t\u00e1maszt\u00e9kkal. H\u00edg\u00edtson fel 50 ml koncentr\u00e1tumot 1:3 ar\u00e1nyban meleg v\u00edzzel, \u00e9s kenje a kever\u00e9ket a k\u00e9t k\u00f6t\u00e9sre.<\/p>\n<h5><strong>F\u0151 kezel\u00e9s<\/strong><\/h5>\n<p>Ezut\u00e1n v\u00e1lassza ki, hogy melyik testfel\u00fcletet szeretn\u00e9 beburkolni: has, cs\u00edp\u0151\/cs\u00edp\u0151, comb vagy felkar. Most helyezze fel a kollag\u00e9nnel impregn\u00e1lt pamutk\u00f6t\u00e9st. Tekerje a k\u00f6t\u00e9st szorosan, mindig alulr\u00f3l felfel\u00e9 (a sz\u00edv fel\u00e9) kezdve. Ez szint\u00e9n serkenti a nyirok\u00e1raml\u00e1st.<\/p>\n<h5><strong>Alkalmaz\u00e1si id\u0151<\/strong><\/h5>\n<p>F\u00f3li\u00e1ba csomagolva (<strong>F\u0151 fogad\u00e1s<\/strong>(egyszer\u0171en v\u00e1gjon fel egy szemeteszs\u00e1kot), 40 percig kellemes melegs\u00e9g \u00e1rasztja el a test\u00e9t. A f\u00e1radt sz\u00f6vetsz\u00e1lak friss feh\u00e9rj\u00e9kkel t\u00f6lt\u0151dnek fel. Hagyja, hogy a hat\u00f3anyagok kifejts\u00e9k hat\u00e1sukat. Fek\u00fcdj\u00f6n le k\u00e9nyelmesen, \u00e9s pr\u00f3b\u00e1ljon meg teljesen ellazulni. Min\u00e9l akad\u00e1lytalanabbak a test meridi\u00e1njai, ann\u00e1l hat\u00e9konyabban sz\u00edv\u00f3dnak fel az \u00f6sszetev\u0151k.<\/p>\n<h5><strong>Ut\u00f3gondoz\u00e1s<\/strong><\/h5>\n<p>Vegye le a k\u00f6t\u00e9st, majd vigye fel a feszes\u00edt\u0151 jojoba-fah\u00e9j g\u00e9lt a bebugyol\u00e1lt ter\u00fcletre. Az ut\u00f3hat\u00e1s \u00e9rdek\u00e9ben massz\u00edrozza be j\u00f3l a g\u00e9lt, hogy n\u00e9h\u00e1ny \u00f3r\u00e1n \u00e1t z\u00e1rja a sz\u00f6vetet. K\u00e9rj\u00fck, ne zuhanyozzon k\u00f6zvetlen\u00fcl a kezel\u00e9s ut\u00e1n. A l\u00e1that\u00f3 feszes\u00edt\u00e9s el\u00e9r\u00e9se \u00e9rdek\u00e9ben javasoljuk a <strong>Rendszeres haszn\u00e1lat<\/strong>: legal\u00e1bb h\u00e1rom h\u00e9ten kereszt\u00fcl minden negyedik napon. Javasoljuk tov\u00e1bb\u00e1, hogy v\u00e9gezzen egy k\u00eds\u00e9r\u0151 bels\u0151 m\u00e9regtelen\u00edt\u00e9st.<\/p>","protected":false},"excerpt":{"rendered":"<h3><strong>Amikor a sz\u00f6vet \"elernyed\" - \"azonnali hat\u00e1s\u00fa\" \u00f6sszeh\u00faz\u00f3d\u00e1s<\/strong><\/h3>\n<p>A kollag\u00e9nek a legfontosabb feh\u00e9rj\u00e9k a sima sz\u00f6vetek \u00e9s a feszes b\u0151r fenntart\u00e1s\u00e1hoz. A kollag\u00e9ntartalom 10 \u00e9vente k\u00f6r\u00fclbel\u00fcl 7%-tal cs\u00f6kken. Fokozatosan r\u00e1ncok, megereszkedett g\u00f6dr\u00f6csk\u00e9k \u00e9s zs\u00edrdudorok alakulnak ki a hason, a combokon \u00e9s a felkarokon. A kollag\u00e9npakol\u00e1s szettel ide\u00e1lisan felk\u00e9sz\u00fclhet az otthoni k\u00fczdelemre. Az otthoni kollag\u00e9n pakol\u00e1s szett a k\u00f6vetkez\u0151ket tartalmazza:<\/p>\n<ul>\n<li>200ml kollag\u00e9n koncentr\u00e1tum 4 kezel\u00e9shez<\/li>\n<li>50 ml jojoba-fah\u00e9j g\u00e9l \/ ut\u00f3kezel\u00e9s<\/li>\n<li>2 pamut k\u00f6tszer<\/li>\n<\/ul>","protected":false},"featured_media":16677,"template":"","meta":[],"product_brand":[],"product_cat":[85],"product_tag":[144,142,126,110],"class_list":{"0":"post-16466","1":"product","2":"type-product","3":"status-publish","4":"has-post-thumbnail","6":"product_cat-koerperwickel","7":"product_tag-bodywraps","8":"product_tag-heimwickel","9":"product_tag-kollagen","10":"product_tag-straffung","12":"first","13":"instock","14":"taxable","15":"shipping-taxable","16":"purchasable","17":"product-type-simple"},"_links":{"self":[{"href":"https:\/\/shapeline.at\/hu\/wp-json\/wp\/v2\/product\/16466","targetHints":{"allow":["GET"]}}],"collection":[{"href":"https:\/\/shapeline.at\/hu\/wp-json\/wp\/v2\/product"}],"about":[{"href":"https:\/\/shapeline.at\/hu\/wp-json\/wp\/v2\/types\/product"}],"version-history":[{"count":13,"href":"https:\/\/shapeline.at\/hu\/wp-json\/wp\/v2\/product\/16466\/revisions"}],"predecessor-version":[{"id":16843,"href":"https:\/\/shapeline.at\/hu\/wp-json\/wp\/v2\/product\/16466\/revisions\/16843"}],"wp:featuredmedia":[{"embeddable":true,"href":"https:\/\/shapeline.at\/hu\/wp-json\/wp\/v2\/media\/16677"}],"wp:attachment":[{"href":"https:\/\/shapeline.at\/hu\/wp-json\/wp\/v2\/media?parent=16466"}],"wp:term":[{"taxonomy":"product_brand","embeddable":true,"href":"https:\/\/shapeline.at\/hu\/wp-json\/wp\/v2\/product_brand?post=16466"},{"taxonomy":"product_cat","embeddable":true,"href":"https:\/\/shapeline.at\/hu\/wp-json\/wp\/v2\/product_cat?post=16466"},{"taxonomy":"product_tag","embeddable":true,"href":"https:\/\/shapeline.at\/hu\/wp-json\/wp\/v2\/product_tag?post=16466"}],"curies":[{"name":"wp","href":"https:\/\/api.w.org\/{rel}","templated":true}]}}

Kollagén pakolás készlet

<h3><strong>Amikor a szövet "elernyed" - "azonnali hatású" összehúzódás</strong></h3>
<p>A kollagének a legfontosabb fehérjék a sima szövetek és a feszes bőr fenntartásához. A kollagéntartalom 10 évente körülbelül 7%-tal csökken. Fokozatosan ráncok, megereszkedett gödröcskék és zsírdudorok alakulnak ki a hason, a combokon és a felkarokon. A kollagénpakolás szettel ideálisan felkészülhet az otthoni küzdelemre. Az otthoni kollagén pakolás szett a következőket tartalmazza:</p>
<ul>
<li>200ml kollagén koncentrátum 4 kezeléshez</li>
<li>50 ml jojoba-fahéj gél / utókezelés</li>
<li>2 pamut kötszer</li>
</ul>
<p>Bei dieser Anwendung werden Baumwollbandagen verwendet, die mit einem Kollagen-Extrakt getränkt sind. Die Haut erhält durch den Wickel wertvolle Inhaltsstoffe. Das Treatment eignet sich für schlaffe Zonen an Armen, Beinen, Bauch und Po.</p>
<h3><strong>Fokozza a feszesítő hatást </strong></h3>
<p>Minden kollagén pakolás előtt végezzen gyengéd testradírozást. A Shape-Line egy gyengéd, nagyon hatásos <strong>Kollagén peeling</strong> on. A hámlasztás eltávolítja az elhalt hámsejteket, így a hatóanyagok jobban felszívódnak. A hámlasztás sokszorosan felerősíti a kollagénpakolás hatását.</p>
<h3><strong>Alkalmazás</strong></h3>
<h5><strong>Előkészítés</strong></h5>
<p>Mossa ki a kötszereket lágyítószer nélkül, és tegye őket egy tartályba. A koncentrátum (200 ml) négy részleges testkezeléshez elegendő, egyenként két támasztékkal. Hígítson fel 50 ml koncentrátumot 1:3 arányban meleg vízzel, és kenje a keveréket a két kötésre.</p>
<h5><strong>Fő kezelés</strong></h5>
<p>Ezután válassza ki, hogy melyik testfelületet szeretné beburkolni: has, csípő/csípő, comb vagy felkar. Most helyezze fel a kollagénnel impregnált pamutkötést. Tekerje a kötést szorosan, mindig alulról felfelé (a szív felé) kezdve. Ez szintén serkenti a nyirokáramlást.</p>
<h5><strong>Alkalmazási idő</strong></h5>
<p>Fóliába csomagolva (<strong>Fő fogadás</strong>(egyszerűen vágjon fel egy szemeteszsákot), 40 percig kellemes melegség árasztja el a testét. A fáradt szövetszálak friss fehérjékkel töltődnek fel. Hagyja, hogy a hatóanyagok kifejtsék hatásukat. Feküdjön le kényelmesen, és próbáljon meg teljesen ellazulni. Minél akadálytalanabbak a test meridiánjai, annál hatékonyabban szívódnak fel az összetevők.</p>
<h5><strong>Utógondozás</strong></h5>
<p>Vegye le a kötést, majd vigye fel a feszesítő jojoba-fahéj gélt a bebugyolált területre. Az utóhatás érdekében masszírozza be jól a gélt, hogy néhány órán át zárja a szövetet. Kérjük, ne zuhanyozzon közvetlenül a kezelés után. A látható feszesítés elérése érdekében javasoljuk a <strong>Rendszeres használat</strong>: legalább három héten keresztül minden negyedik napon. Javasoljuk továbbá, hogy végezzen egy kísérő belső méregtelenítést.</p>

<h3><strong>Amikor a szövet "elernyed" - "azonnali hatású" összehúzódás</strong></h3>
<p>A kollagének a legfontosabb fehérjék a sima szövetek és a feszes bőr fenntartásához. A kollagéntartalom 10 évente körülbelül 7%-tal csökken. Fokozatosan ráncok, megereszkedett gödröcskék és zsírdudorok alakulnak ki a hason, a combokon és a felkarokon. A kollagénpakolás szettel ideálisan felkészülhet az otthoni küzdelemre. Az otthoni kollagén pakolás szett a következőket tartalmazza:</p>
<ul>
<li>200ml kollagén koncentrátum 4 kezeléshez</li>
<li>50 ml jojoba-fahéj gél / utókezelés</li>
<li>2 pamut kötszer</li>
</ul>
