{"id":16541,"date":"2023-07-27T06:48:39","date_gmt":"2023-07-27T06:48:39","guid":{"rendered":"https:\/\/shop.devepu.apollo.wpspace.me\/?post_type=product&#038;p=16541"},"modified":"2025-12-01T19:31:37","modified_gmt":"2025-12-01T18:31:37","slug":"anti-aging-duo","status":"publish","type":"product","link":"https:\/\/shapeline.at\/hu\/termek\/anti-aging-duo\/","title":{"rendered":"Anti Aging Duo"},"content":{"rendered":"<h3>P\u00e1ratlanul egy\u00fctt<\/h3>\n<p>Verhetetlen kombin\u00e1ci\u00f3: a <strong>Anti Aging Duo<\/strong> gazdag \u00e9s feszes\u00edt\u0151, \u00f6reged\u00e9sg\u00e1tl\u00f3 test\u00e1pol\u00f3t biztos\u00edt az \u00e9rezhet\u0151en sima b\u0151r\u00e9rt, \u00e9s v\u00e9delmet ny\u00fajt a napsug\u00e1rz\u00e1s okozta k\u00e1rosod\u00e1sok ellen is.<\/p>\n<p>A <strong>Aloe vera g\u00e9l<\/strong> rendk\u00edv\u00fcl hat\u00e9kony n\u00f6v\u00e9nyi alap\u00fa \u00f6sszetev\u0151kkel l\u00e1tja el b\u0151r\u00e9t a nedvess\u00e9g meg\u0151rz\u00e9se \u00e9rdek\u00e9ben. A szabad gy\u00f6k\u00f6k semleges\u00edt\u0151dnek, \u00e9s b\u0151r\u00f6d \u00f6reged\u00e9se jelent\u0151sen meg\u00e1ll. <strong>Narancs avok\u00e1d\u00f3 olaj<\/strong> mint kiv\u00e1l\u00f3 min\u0151s\u00e9g\u0171 test\u00e1pol\u00f3 olaj jav\u00edtja a k\u00f6t\u0151sz\u00f6vet rugalmass\u00e1g\u00e1t \u00e9s feszess\u00e9g\u00e9t, \u00e9s \u00edgy tart\u00f3san hozz\u00e1j\u00e1rul a l\u00e1that\u00f3an sz\u00e9p \u00e9s csod\u00e1latosan t\u00e1pl\u00e1lt arcb\u0151rh\u00f6z.<\/p>\n<h3>Alkalmaz\u00e1s<\/h3>\n<h5>Tipp 1<\/h5>\n<p>Keverje \u00f6ssze a <strong>Narancs avok\u00e1d\u00f3 olaj<\/strong> 1:1 ar\u00e1nyban a <strong>Aloe vera g\u00e9l<\/strong>. Miut\u00e1n egy puha, kr\u00e9mes massz\u00e1t k\u00e9pez, vigye fel ezt a rendk\u00edv\u00fcl hat\u00e9kony kever\u00e9ket a f\u00e1radt vagy s\u00e9r\u00fclt b\u0151r\u00e9re. <span style=\"font-weight: normal;\">Nap\u00e9g\u00e9s eset\u00e9n naponta t\u00f6bbsz\u00f6r ism\u00e9telje meg az alkalmaz\u00e1st.<\/span><\/p>\n<h5>Tipp 2<\/h5>\n<p>Keverj\u00fcnk \u00f6ssze egy cseresznye nagys\u00e1g\u00fa mennyis\u00e9get a <strong>Jojoba-fah\u00e9j g\u00e9l<\/strong> 1:1 ar\u00e1nyban a <strong>B\u00fazacs\u00edraolaj<\/strong> a tenyer\u00fcnkben, am\u00edg l\u00e1gy, kr\u00e9mes massz\u00e1t nem kapunk. Massz\u00edrozza ezt a gazdag koncentr\u00e1tumot k\u00f6rk\u00f6r\u00f6s mozdulatokkal a cs\u00edp\u0151j\u00e9be \u00e9s a combj\u00e1ba. Kezek<br \/>\nK\u00e9rj\u00fck, haszn\u00e1lat ut\u00e1n j\u00f3l mossa ki. Rendszeres haszn\u00e1lat\u00e1val l\u00e1tni \u00e9s \u00e9rezni fogja, hogy b\u0151re vitalit\u00e1st nyer \u00e9s n\u00f6veli rugalmass\u00e1g\u00e1t.<\/p>","protected":false},"excerpt":{"rendered":"<h3>P\u00e1ratlanul egy\u00fctt<\/h3>\n<p>Verhetetlen kombin\u00e1ci\u00f3: a <strong>Anti Aging Duo<\/strong> gazdag \u00e9s feszes\u00edt\u0151, \u00f6reged\u00e9sg\u00e1tl\u00f3 test\u00e1pol\u00f3t biztos\u00edt az \u00e9rezhet\u0151en sima b\u0151r\u00e9rt, \u00e9s v\u00e9delmet ny\u00fajt a napsug\u00e1rz\u00e1s okozta k\u00e1rosod\u00e1sok ellen is.<\/p>\n<p>A <strong>Aloe vera g\u00e9l<\/strong> rendk\u00edv\u00fcl hat\u00e9kony n\u00f6v\u00e9nyi alap\u00fa \u00f6sszetev\u0151kkel l\u00e1tja el b\u0151r\u00e9t a nedvess\u00e9g meg\u0151rz\u00e9se \u00e9rdek\u00e9ben. A szabad gy\u00f6k\u00f6k semleges\u00edt\u0151dnek, \u00e9s b\u0151r\u00f6d \u00f6reged\u00e9se jelent\u0151sen meg\u00e1ll. <strong>Narancs avok\u00e1d\u00f3 olaj<\/strong> mint kiv\u00e1l\u00f3 min\u0151s\u00e9g\u0171 test\u00e1pol\u00f3 olaj jav\u00edtja a k\u00f6t\u0151sz\u00f6vet rugalmass\u00e1g\u00e1t \u00e9s feszess\u00e9g\u00e9t, \u00e9s \u00edgy tart\u00f3san hozz\u00e1j\u00e1rul a l\u00e1that\u00f3an sz\u00e9p \u00e9s csod\u00e1latosan t\u00e1pl\u00e1lt arcb\u0151rh\u00f6z.<\/p>","protected":false},"featured_media":16660,"template":"","meta":[],"product_brand":[],"product_cat":[270,73],"product_tag":[172,173,174,112,113,79,115,117,75,175,118,176,110],"class_list":{"0":"post-16541","1":"product","2":"type-product","3":"status-publish","4":"has-post-thumbnail","6":"product_cat-aetherischebodyoele","7":"product_cat-pflegeprodukte","8":"product_tag-after-sun-pflege","9":"product_tag-aloe-vera-gel","10":"product_tag-anti-aging-pflege","11":"product_tag-aromaoel","12":"product_tag-austria","13":"product_tag-gel","14":"product_tag-handmade","15":"product_tag-narben","16":"product_tag-oel","17":"product_tag-organgen-avocado-oel","18":"product_tag-pfirsich","19":"product_tag-sonnenschaeden","20":"product_tag-straffung","22":"first","23":"instock","24":"taxable","25":"shipping-taxable","26":"purchasable","27":"product-type-woosb"},"supplier_id":null,"supplier_sku":"","barcode":null,"atum_controlled":true,"out_stock_date":null,"out_stock_threshold":null,"inheritable":false,"inbound_stock":0,"stock_on_hold":0,"sold_today":0,"sales_last_days":0,"reserved_stock":0,"customer_returns":0,"warehouse_damage":0,"lost_in_post":0,"other_logs":0,"out_stock_days":0,"lost_sales":0,"has_location":false,"update_date":"2026-04-27T00:03:44","atum_locations":[],"atum_stock_status":"instock","restock_status":false,"low_stock_amount":"","sales_update_date":"2026-04-27T00:03:44","calc_backorders":0,"_links":{"self":[{"href":"https:\/\/shapeline.at\/hu\/wp-json\/wp\/v2\/product\/16541","targetHints":{"allow":["GET"]}}],"collection":[{"href":"https:\/\/shapeline.at\/hu\/wp-json\/wp\/v2\/product"}],"about":[{"href":"https:\/\/shapeline.at\/hu\/wp-json\/wp\/v2\/types\/product"}],"version-history":[{"count":12,"href":"https:\/\/shapeline.at\/hu\/wp-json\/wp\/v2\/product\/16541\/revisions"}],"predecessor-version":[{"id":246707,"href":"https:\/\/shapeline.at\/hu\/wp-json\/wp\/v2\/product\/16541\/revisions\/246707"}],"wp:featuredmedia":[{"embeddable":true,"href":"https:\/\/shapeline.at\/hu\/wp-json\/wp\/v2\/media\/16660"}],"wp:attachment":[{"href":"https:\/\/shapeline.at\/hu\/wp-json\/wp\/v2\/media?parent=16541"}],"wp:term":[{"taxonomy":"product_brand","embeddable":true,"href":"https:\/\/shapeline.at\/hu\/wp-json\/wp\/v2\/product_brand?post=16541"},{"taxonomy":"product_cat","embeddable":true,"href":"https:\/\/shapeline.at\/hu\/wp-json\/wp\/v2\/product_cat?post=16541"},{"taxonomy":"product_tag","embeddable":true,"href":"https:\/\/shapeline.at\/hu\/wp-json\/wp\/v2\/product_tag?post=16541"}],"curies":[{"name":"wp","href":"https:\/\/api.w.org\/{rel}","templated":true}]}}

<h3>Páratlanul együtt</h3>
<p>Verhetetlen kombináció: a <strong>Anti Aging Duo</strong> gazdag és feszesítő, öregedésgátló testápolót biztosít az érezhetően sima bőrért, és védelmet nyújt a napsugárzás okozta károsodások ellen is.</p>
<p>A <strong>Aloe vera gél</strong> rendkívül hatékony növényi alapú összetevőkkel látja el bőrét a nedvesség megőrzése érdekében. A szabad gyökök semlegesítődnek, és bőröd öregedése jelentősen megáll. <strong>Narancs avokádó olaj</strong> mint kiváló minőségű testápoló olaj javítja a kötőszövet rugalmasságát és feszességét, és így tartósan hozzájárul a láthatóan szép és csodálatosan táplált arcbőrhöz.</p>
<h3>Alkalmazás</h3>
<h5>Tipp 1</h5>
<p>Keverje össze a <strong>Narancs avokádó olaj</strong> 1:1 arányban a <strong>Aloe vera gél</strong>. Miután egy puha, krémes masszát képez, vigye fel ezt a rendkívül hatékony keveréket a fáradt vagy sérült bőrére. <span style="font-weight: normal;">Napégés esetén naponta többször ismételje meg az alkalmazást.</span></p>
<h5>Tipp 2</h5>
<p>Keverjünk össze egy cseresznye nagyságú mennyiséget a <strong>Jojoba-fahéj gél</strong> 1:1 arányban a <strong>Búzacsíraolaj</strong> a tenyerünkben, amíg lágy, krémes masszát nem kapunk. Masszírozza ezt a gazdag koncentrátumot körkörös mozdulatokkal a csípőjébe és a combjába. Kezek<br />
Kérjük, használat után jól mossa ki. Rendszeres használatával látni és érezni fogja, hogy bőre vitalitást nyer és növeli rugalmasságát.</p>

<h3>Páratlanul együtt</h3>
<p>Verhetetlen kombináció: a <strong>Anti Aging Duo</strong> gazdag és feszesítő, öregedésgátló testápolót biztosít az érezhetően sima bőrért, és védelmet nyújt a napsugárzás okozta károsodások ellen is.</p>
<p>A <strong>Aloe vera gél</strong> rendkívül hatékony növényi alapú összetevőkkel látja el bőrét a nedvesség megőrzése érdekében. A szabad gyökök semlegesítődnek, és bőröd öregedése jelentősen megáll. <strong>Narancs avokádó olaj</strong> mint kiváló minőségű testápoló olaj javítja a kötőszövet rugalmasságát és feszességét, és így tartósan hozzájárul a láthatóan szép és csodálatosan táplált arcbőrhöz.</p>
