{"id":240951,"date":"2023-08-10T12:45:57","date_gmt":"2023-08-10T11:45:57","guid":{"rendered":"https:\/\/shop.devepu.apollo.wpspace.me\/product\/bergkruter-aroma-l\/"},"modified":"2024-01-13T07:53:01","modified_gmt":"2024-01-13T06:53:01","slug":"bergkraeuter-aroma-oel-2","status":"publish","type":"product","link":"https:\/\/shapeline.at\/hu\/termek\/bergkraeuter-aroma-oel-2\/","title":{"rendered":"Bergkr\u00e4uter Aroma \u00d6l &#8211; 1000ml"},"content":{"rendered":"<p>Az exkluz\u00edv \u00f6sszetev\u0151k a <strong>Hegyi gy\u00f3gyn\u00f6v\u00e9nyek aromaolaj<\/strong> fel\u00e9l\u00e9nk\u00edti \u00e9s aktiv\u00e1lja az anyagcser\u00e9t, \u00e9s \u00edgy tart\u00f3san hozz\u00e1j\u00e1rul a zs\u00edr\u00e9get\u00e9s t\u00e1mogat\u00e1s\u00e1hoz. Hogyan kell haszn\u00e1lni az olajat<\/p>\n<ul>\n<li>N\u00f6veli a zs\u00edr\u00e9get\u00e9st<\/li>\n<li>N\u00f6veli a b\u0151r rugalmass\u00e1g\u00e1t<\/li>\n<li>Jav\u00edtja a sejtek anyagcser\u00e9j\u00e9t<\/li>\n<\/ul>\n<h3><strong>\u00d6sszetev\u0151k<\/strong><\/h3>\n<p>A hegyi gy\u00f3gyn\u00f6v\u00e9nyolajunk a k\u00f6vetkez\u0151k \u00e9rt\u00e9kes hat\u00f3anyagait tartalmazza <strong>Tuje<\/strong>, <strong>Cypress<\/strong> \u00e9s <strong>Bor\u00f3kabogy\u00f3<\/strong>. Az ill\u00f3olajok kombin\u00e1lj\u00e1k az illatot \u00e9s az \u00e9l\u00e9nk\u00edt\u0151 \u00e1pol\u00f3 hat\u00e1st. A sejtek anyagcser\u00e9j\u00e9nek jav\u00edt\u00e1s\u00e1val \u00e9s a zs\u00edrveszt\u00e9s el\u0151seg\u00edt\u00e9s\u00e9vel t\u00e1mogatj\u00e1k a zs\u00edrlerak\u00f3d\u00e1sok cs\u00f6kkent\u00e9s\u00e9t.<\/p>\n<h3><strong>Alkalmaz\u00e1s<\/strong><\/h3>\n<p>Az olajat naponta egyszer vagy k\u00e9tszer massz\u00edrozza be az \u00e9rintett ter\u00fcletekre zuhanyz\u00e1s ut\u00e1n.<\/p>\n<h3><strong>\u00c1bra szak\u00e9rt\u0151i tipp<\/strong><\/h3>\n<h5><strong>A rendk\u00edv\u00fcl hat\u00e9kony kever\u00e9kek, hogy magad<\/strong><\/h5>\n<p>Keverje \u00f6ssze a hegyi gy\u00f3gyn\u00f6v\u00e9ny arom\u00e1j\u00fa olajat a tenyer\u00e9ben (1:1 ar\u00e1nyban) az al\u00e1bb felsorolt kr\u00e9mek egyik\u00e9vel, hogy l\u00e1gy \u00e9s kr\u00e9mes massz\u00e1t kapjon. A kismolekul\u00e1j\u00fa aromaolajok \"k\u00fasz\u00f3 tulajdons\u00e1gainak\" k\u00f6sz\u00f6nhet\u0151en a kr\u00e9mek hat\u00f3anyagai behatolnak a sz\u00f6vetek legm\u00e9lyebb r\u00e9tegeibe, \u00e9s \u00edgy sokszorosan feler\u0151s\u00edtik a hat\u00e1st.<\/p>\n<h5><strong>Fat Stop k\u00e9szlet<\/strong><\/h5>\n<p>Adjon egy cseresznye m\u00e9ret\u0171 mennyis\u00e9get <strong>Tengeri moszat term\u00e1l g\u00e9l<\/strong> a tenyer\u00fcnkbe, \u00e9s keverj\u00fck \u00f6ssze a hegyi f\u0171szern\u00f6v\u00e9ny \u00edz\u0171 olajjal, am\u00edg l\u00e1gy, kr\u00e9mes kever\u00e9ket kapunk. Reggel \u00e9s este nagyvonal\u00fa mozdulatokkal massz\u00edrozza be saj\u00e1t kr\u00e9mj\u00e9t a probl\u00e9m\u00e1s ter\u00fcletekre. \u00cdgy a teljes hat\u00e1s kibontakozhat: gyorsan l\u00e1tni \u00e9s tapasztalni fogja az eredm\u00e9nyeket.<\/p>\n<h5><strong>Turb\u00f3 hat\u00e1s<\/strong><\/h5>\n<p>Gin egy cseresznye m\u00e9ret\u0171 mennyis\u00e9g <strong>Fat-Breaker-Gel<\/strong> a tenyer\u00e9be, \u00e9s keverje \u00f6ssze a hegyi gy\u00f3gyn\u00f6v\u00e9nyes \u00edz\u0171 olajjal, am\u00edg l\u00e1gy, kr\u00e9mes massz\u00e1v\u00e1 nem v\u00e1lik. Massz\u00edrozza ezt a kever\u00e9ket reggel \u00e9s este nagyvonal\u00fa k\u00f6rk\u00f6r\u00f6s mozdulatokkal a cs\u00edp\u0151j\u00e9be \u00e9s a combj\u00e1ba, k\u00fcl\u00f6n\u00f6sen azokon a ter\u00fcleteken, ahol a makacs probl\u00e9m\u00e1s ter\u00fcletek tal\u00e1lhat\u00f3k. \u00cdgy a teljes hat\u00e1s kibontakozhat, \u00e9s meg fog lep\u0151dni az eredm\u00e9nyen.<\/p>","protected":false},"excerpt":{"rendered":"<p>Die exklusiven Inhaltsstoffe des Bergkr\u00e4uter Aroma \u00d6ls beleben und aktivieren deinen Stoffwechsel und tragen so nachhaltig zur Unterst\u00fctzung des Fettabbaus<\/p>","protected":false},"featured_media":241479,"template":"","meta":[],"product_brand":[],"product_cat":[298,299],"product_tag":[],"class_list":{"0":"post-240951","1":"product","2":"type-product","3":"status-publish","4":"has-post-thumbnail","6":"product_cat-b2b_fgs","7":"product_cat-kabinenprodukte","9":"first","10":"instock","11":"taxable","12":"shipping-taxable","13":"purchasable","14":"product-type-simple"},"_links":{"self":[{"href":"https:\/\/shapeline.at\/hu\/wp-json\/wp\/v2\/product\/240951","targetHints":{"allow":["GET"]}}],"collection":[{"href":"https:\/\/shapeline.at\/hu\/wp-json\/wp\/v2\/product"}],"about":[{"href":"https:\/\/shapeline.at\/hu\/wp-json\/wp\/v2\/types\/product"}],"version-history":[{"count":5,"href":"https:\/\/shapeline.at\/hu\/wp-json\/wp\/v2\/product\/240951\/revisions"}],"predecessor-version":[{"id":246556,"href":"https:\/\/shapeline.at\/hu\/wp-json\/wp\/v2\/product\/240951\/revisions\/246556"}],"wp:featuredmedia":[{"embeddable":true,"href":"https:\/\/shapeline.at\/hu\/wp-json\/wp\/v2\/media\/241479"}],"wp:attachment":[{"href":"https:\/\/shapeline.at\/hu\/wp-json\/wp\/v2\/media?parent=240951"}],"wp:term":[{"taxonomy":"product_brand","embeddable":true,"href":"https:\/\/shapeline.at\/hu\/wp-json\/wp\/v2\/product_brand?post=240951"},{"taxonomy":"product_cat","embeddable":true,"href":"https:\/\/shapeline.at\/hu\/wp-json\/wp\/v2\/product_cat?post=240951"},{"taxonomy":"product_tag","embeddable":true,"href":"https:\/\/shapeline.at\/hu\/wp-json\/wp\/v2\/product_tag?post=240951"}],"curies":[{"name":"wp","href":"https:\/\/api.w.org\/{rel}","templated":true}]}}

Bergkräuter Aroma Öl &#8211; 1000ml

<p>Az exkluzív összetevők a <strong>Hegyi gyógynövények aromaolaj</strong> felélénkíti és aktiválja az anyagcserét, és így tartósan hozzájárul a zsírégetés támogatásához. Hogyan kell használni az olajat</p>
<ul>
<li>Növeli a zsírégetést</li>
<li>Növeli a bőr rugalmasságát</li>
<li>Javítja a sejtek anyagcseréjét</li>
</ul>
<h3><strong>Összetevők</strong></h3>
<p>A hegyi gyógynövényolajunk a következők értékes hatóanyagait tartalmazza <strong>Tuje</strong>, <strong>Cypress</strong> és <strong>Borókabogyó</strong>. Az illóolajok kombinálják az illatot és az élénkítő ápoló hatást. A sejtek anyagcseréjének javításával és a zsírvesztés elősegítésével támogatják a zsírlerakódások csökkentését.</p>
<h3><strong>Alkalmazás</strong></h3>
<p>Az olajat naponta egyszer vagy kétszer masszírozza be az érintett területekre zuhanyzás után.</p>
<h3><strong>Ábra szakértői tipp</strong></h3>
<h5><strong>A rendkívül hatékony keverékek, hogy magad</strong></h5>
<p>Keverje össze a hegyi gyógynövény aromájú olajat a tenyerében (1:1 arányban) az alább felsorolt krémek egyikével, hogy lágy és krémes masszát kapjon. A kismolekulájú aromaolajok "kúszó tulajdonságainak" köszönhetően a krémek hatóanyagai behatolnak a szövetek legmélyebb rétegeibe, és így sokszorosan felerősítik a hatást.</p>
<h5><strong>Fat Stop készlet</strong></h5>
<p>Adjon egy cseresznye méretű mennyiséget <strong>Tengeri moszat termál gél</strong> a tenyerünkbe, és keverjük össze a hegyi fűszernövény ízű olajjal, amíg lágy, krémes keveréket kapunk. Reggel és este nagyvonalú mozdulatokkal masszírozza be saját krémjét a problémás területekre. Így a teljes hatás kibontakozhat: gyorsan látni és tapasztalni fogja az eredményeket.</p>
<h5><strong>Turbó hatás</strong></h5>
<p>Gin egy cseresznye méretű mennyiség <strong>Fat-Breaker-Gel</strong> a tenyerébe, és keverje össze a hegyi gyógynövényes ízű olajjal, amíg lágy, krémes masszává nem válik. Masszírozza ezt a keveréket reggel és este nagyvonalú körkörös mozdulatokkal a csípőjébe és a combjába, különösen azokon a területeken, ahol a makacs problémás területek találhatók. Így a teljes hatás kibontakozhat, és meg fog lepődni az eredményen.</p>

<p>Die exklusiven Inhaltsstoffe des Bergkräuter Aroma Öls beleben und aktivieren deinen Stoffwechsel und tragen so nachhaltig zur Unterstützung des Fettabbaus</p>
