{"id":242182,"date":"2023-09-21T13:59:44","date_gmt":"2023-09-21T13:59:44","guid":{"rendered":"https:\/\/shop.devepu.apollo.wpspace.me\/product\/cello-gel-soft-1000ml\/"},"modified":"2024-01-13T07:54:12","modified_gmt":"2024-01-13T06:54:12","slug":"cello-gel-soft-1000ml","status":"publish","type":"product","link":"https:\/\/shapeline.at\/hu\/termek\/cello-gel-soft-1000ml\/","title":{"rendered":"Cello Gel soft &#8211; 1000ml"},"content":{"rendered":"<p>Az intenz\u00edv <strong>Cello g\u00e9l puha<\/strong> kiv\u00e1l\u00f3 min\u0151s\u00e9g\u0171 n\u00f6v\u00e9nyi hat\u00f3anyagokat \u00e9s term\u00e9szetes ill\u00f3olajokat tartalmaz, amelyek stimul\u00e1lj\u00e1k a szervezet saj\u00e1t zs\u00edrsejtjeit \u00e9s a k\u00f6t\u0151sz\u00f6veti kollag\u00e9nrostokat. A has, a l\u00e1bak \u00e9s a fen\u00e9k \u00fagynevezett probl\u00e9m\u00e1s ter\u00fcletei \u00edgy \u00fajra form\u00e1ba ker\u00fclnek.<\/p>\n<p>A g\u00e9l haszn\u00e1lat\u00e1nak meggy\u0151z\u0151 eredm\u00e9nye a testtekercsel\u00e9s azonnal l\u00e1that\u00f3 kozmetikai b\u0151rhat\u00e1sa, m\u00e9g a teljes alkalmaz\u00e1s els\u0151 f\u00e1zis\u00e1ban is.<\/p>\n<h3><strong>\u00d6sszetev\u0151k<\/strong><\/h3>\n<p>A Cello Gel soft alapj\u00e1t v\u00e1logatott n\u00f6v\u00e9nyi hat\u00f3anyagok \u00e9s term\u00e9szetes olajok alkotj\u00e1k. Minden \u00f6sszetev\u0151 megfelel a jelenlegi termel\u00e9si \u00e1llapotnak, \u00e9s a benne l\u00e9v\u0151 illatanyagok mind term\u00e9szetes eredet\u0171ek. G\u00e9l\u00fcnk gy\u00e1rt\u00e1sa rendszeresen k\u00f6veti az \u00faj tudom\u00e1nyos eredm\u00e9nyeket, amelyeket folyamatosan be\u00e9p\u00edt\u00fcnk recept\u00far\u00e1inkba.<\/p>\n<h3><strong>Alkalmaz\u00e1s<\/strong><\/h3>\n<p>A l\u00e1gy g\u00e9lt takar\u00e9kosan \u00e9s egyenletesen vigye fel a testre. A Cello Gel soft a n\u00e9gyf\u00e1zis\u00fa fel\u00e9p\u00edt\u0151 rendszer els\u0151 \u00f6sszetev\u0151je.<\/p>\n<ul>\n<li><strong>1. F\u00c1ZIS - Cello Gel soft<\/strong><\/li>\n<li>2. F\u00c1ZIS - Cello Gel medium<\/li>\n<li>3. F\u00c1ZIS - Csell\u00f3 g\u00e9l er\u0151s<\/li>\n<li>KEZEL\u00c9S UT\u00c1N - Cello kr\u00e9m Aloe Vera<\/li>\n<\/ul>\n<p>Egyszer\u0171, hat\u00e9kony \u00e9s meggy\u0151z\u0151 a j\u00f3 k\u00f6z\u00e9rzet\u0171 alakhoz vezet\u0151 \u00faton - k\u00f6nnyen haszn\u00e1lhat\u00f3 \u00e9s ide\u00e1lis otthoni haszn\u00e1latra.<\/p>","protected":false},"excerpt":{"rendered":"<p>Das intensive Cello Gel soft enth\u00e4lt hochwertige Pflanzenwirkstoffe und nat\u00fcrliche \u00e4therische \u00d6le, die die k\u00f6rpereigenen Fettzellen und kollagenen Fasern im<\/p>","protected":false},"featured_media":242196,"template":"","meta":[],"product_brand":[],"product_cat":[103,298,299],"product_tag":[],"class_list":{"0":"post-242182","1":"product","2":"type-product","3":"status-publish","4":"has-post-thumbnail","6":"product_cat-aktuelle-angebote","7":"product_cat-b2b_fgs","8":"product_cat-kabinenprodukte","10":"first","11":"instock","12":"taxable","13":"shipping-taxable","14":"product-type-simple"},"_links":{"self":[{"href":"https:\/\/shapeline.at\/hu\/wp-json\/wp\/v2\/product\/242182","targetHints":{"allow":["GET"]}}],"collection":[{"href":"https:\/\/shapeline.at\/hu\/wp-json\/wp\/v2\/product"}],"about":[{"href":"https:\/\/shapeline.at\/hu\/wp-json\/wp\/v2\/types\/product"}],"version-history":[{"count":5,"href":"https:\/\/shapeline.at\/hu\/wp-json\/wp\/v2\/product\/242182\/revisions"}],"predecessor-version":[{"id":242609,"href":"https:\/\/shapeline.at\/hu\/wp-json\/wp\/v2\/product\/242182\/revisions\/242609"}],"wp:featuredmedia":[{"embeddable":true,"href":"https:\/\/shapeline.at\/hu\/wp-json\/wp\/v2\/media\/242196"}],"wp:attachment":[{"href":"https:\/\/shapeline.at\/hu\/wp-json\/wp\/v2\/media?parent=242182"}],"wp:term":[{"taxonomy":"product_brand","embeddable":true,"href":"https:\/\/shapeline.at\/hu\/wp-json\/wp\/v2\/product_brand?post=242182"},{"taxonomy":"product_cat","embeddable":true,"href":"https:\/\/shapeline.at\/hu\/wp-json\/wp\/v2\/product_cat?post=242182"},{"taxonomy":"product_tag","embeddable":true,"href":"https:\/\/shapeline.at\/hu\/wp-json\/wp\/v2\/product_tag?post=242182"}],"curies":[{"name":"wp","href":"https:\/\/api.w.org\/{rel}","templated":true}]}}

<p>Az intenzív <strong>Cello gél puha</strong> kiváló minőségű növényi hatóanyagokat és természetes illóolajokat tartalmaz, amelyek stimulálják a szervezet saját zsírsejtjeit és a kötőszöveti kollagénrostokat. A has, a lábak és a fenék úgynevezett problémás területei így újra formába kerülnek.</p>
<p>A gél használatának meggyőző eredménye a testtekercselés azonnal látható kozmetikai bőrhatása, még a teljes alkalmazás első fázisában is.</p>
<h3><strong>Összetevők</strong></h3>
<p>A Cello Gel soft alapját válogatott növényi hatóanyagok és természetes olajok alkotják. Minden összetevő megfelel a jelenlegi termelési állapotnak, és a benne lévő illatanyagok mind természetes eredetűek. Gélünk gyártása rendszeresen követi az új tudományos eredményeket, amelyeket folyamatosan beépítünk receptúráinkba.</p>
<h3><strong>Alkalmazás</strong></h3>
<p>A lágy gélt takarékosan és egyenletesen vigye fel a testre. A Cello Gel soft a négyfázisú felépítő rendszer első összetevője.</p>
<ul>
<li><strong>1. FÁZIS - Cello Gel soft</strong></li>
<li>2. FÁZIS - Cello Gel medium</li>
<li>3. FÁZIS - Cselló gél erős</li>
<li>KEZELÉS UTÁN - Cello krém Aloe Vera</li>
</ul>
<p>Egyszerű, hatékony és meggyőző a jó közérzetű alakhoz vezető úton - könnyen használható és ideális otthoni használatra.</p>

<p>Das intensive Cello Gel soft enthält hochwertige Pflanzenwirkstoffe und natürliche ätherische Öle, die die körpereigenen Fettzellen und kollagenen Fasern im</p>
