{"id":242183,"date":"2023-09-21T14:59:45","date_gmt":"2023-09-21T13:59:45","guid":{"rendered":"https:\/\/shop.devepu.apollo.wpspace.me\/product\/cello-gel-medium-150ml\/"},"modified":"2026-04-30T05:45:52","modified_gmt":"2026-04-30T04:45:52","slug":"cello-gel-koezepes-150ml","status":"publish","type":"product","link":"https:\/\/shapeline.at\/hu\/termek\/cello-gel-koezepes-150ml\/","title":{"rendered":"Cello Gel medium - 150ml"},"content":{"rendered":"<p>Az intenz\u00edv <strong>Cello Gel k\u00f6zepes<\/strong> kiv\u00e1l\u00f3 min\u0151s\u00e9g\u0171 n\u00f6v\u00e9nyi hat\u00f3anyagokat \u00e9s term\u00e9szetes ill\u00f3olajokat tartalmaz, amelyek stimul\u00e1lj\u00e1k a szervezet saj\u00e1t zs\u00edrsejtjeit \u00e9s a k\u00f6t\u0151sz\u00f6veti kollag\u00e9nrostokat. A has, a l\u00e1bak \u00e9s a fen\u00e9k \u00fagynevezett probl\u00e9m\u00e1s ter\u00fcletei \u00edgy \u00fajra form\u00e1ba ker\u00fclnek.<\/p>\n<p>A g\u00e9l haszn\u00e1lat\u00e1nak meggy\u0151z\u0151 eredm\u00e9nye a testtekercsel\u00e9s azonnal l\u00e1that\u00f3 kozmetikai b\u0151rhat\u00e1sa.<\/p>\n<h3><strong>\u00d6sszetev\u0151k<\/strong><\/h3>\n<p>A Cello Gel m\u00e9dium alapj\u00e1t v\u00e1logatott n\u00f6v\u00e9nyi hat\u00f3anyagok \u00e9s term\u00e9szetes olajok alkotj\u00e1k. Minden \u00f6sszetev\u0151 megfelel a jelenlegi termel\u00e9si \u00e1llapotnak, \u00e9s a benne l\u00e9v\u0151 illatanyagok mind term\u00e9szetes eredet\u0171ek. G\u00e9l\u00fcnk gy\u00e1rt\u00e1sa rendszeresen k\u00f6veti az \u00faj tudom\u00e1nyos eredm\u00e9nyeket, amelyeket folyamatosan be\u00e9p\u00edt\u00fcnk recept\u00far\u00e1inkba.<\/p>\n<h3><strong>Alkalmaz\u00e1s<\/strong><\/h3>\n<p>A g\u00e9lk\u00f6zeget takar\u00e9kosan \u00e9s egyenletesen vigye fel a testre. Az els\u0151 f\u00e1zis ut\u00e1n a Cello Gel medium hat\u00e9kony m\u00e1sodik \u00f6sszetev\u0151je a fel\u00e9p\u00edt\u0151 rendszernek.<\/p>\n<ul>\n<li>1. F\u00c1ZIS - Cello Gel soft<\/li>\n<li><strong>2. F\u00c1ZIS - Cello Gel medium<\/strong><\/li>\n<li>3. F\u00c1ZIS - Csell\u00f3 g\u00e9l er\u0151s<\/li>\n<li>KEZEL\u00c9S UT\u00c1N - Cello kr\u00e9m Aloe Vera<\/li>\n<\/ul>\n<p>Egyszer\u0171, hat\u00e9kony \u00e9s meggy\u0151z\u0151 a j\u00f3 k\u00f6z\u00e9rzet\u0171 alakhoz vezet\u0151 \u00faton - k\u00f6nnyen haszn\u00e1lhat\u00f3 \u00e9s ide\u00e1lis otthoni haszn\u00e1latra.<\/p>","protected":false},"excerpt":{"rendered":"<p>Az intenz\u00edv <strong>Cello Gel k\u00f6zepes<\/strong> kiv\u00e1l\u00f3 min\u0151s\u00e9g\u0171 n\u00f6v\u00e9nyi hat\u00f3anyagokat \u00e9s term\u00e9szetes ill\u00f3olajokat tartalmaz, amelyek stimul\u00e1lj\u00e1k a szervezet saj\u00e1t zs\u00edrsejtjeit \u00e9s a k\u00f6t\u0151sz\u00f6veti kollag\u00e9nrostokat. A has, a l\u00e1bak \u00e9s a fen\u00e9k \u00fagynevezett probl\u00e9m\u00e1s ter\u00fcletei \u00edgy \u00fajra form\u00e1ba ker\u00fclnek. A g\u00e9l haszn\u00e1lat\u00e1nak meggy\u0151z\u0151 eredm\u00e9nye a testtekercsel\u00e9s azonnal l\u00e1that\u00f3 kozmetikai b\u0151rhat\u00e1sa.<\/p>","protected":false},"featured_media":242197,"template":"","meta":[],"product_brand":[],"product_cat":[103,81],"product_tag":[],"class_list":{"0":"post-242183","1":"product","2":"type-product","3":"status-publish","4":"has-post-thumbnail","6":"product_cat-aktuelle-angebote","7":"product_cat-anti-cellulite","9":"first","10":"outofstock","11":"taxable","12":"shipping-taxable","13":"purchasable","14":"product-type-simple"},"_links":{"self":[{"href":"https:\/\/shapeline.at\/hu\/wp-json\/wp\/v2\/product\/242183","targetHints":{"allow":["GET"]}}],"collection":[{"href":"https:\/\/shapeline.at\/hu\/wp-json\/wp\/v2\/product"}],"about":[{"href":"https:\/\/shapeline.at\/hu\/wp-json\/wp\/v2\/types\/product"}],"version-history":[{"count":6,"href":"https:\/\/shapeline.at\/hu\/wp-json\/wp\/v2\/product\/242183\/revisions"}],"predecessor-version":[{"id":246530,"href":"https:\/\/shapeline.at\/hu\/wp-json\/wp\/v2\/product\/242183\/revisions\/246530"}],"wp:featuredmedia":[{"embeddable":true,"href":"https:\/\/shapeline.at\/hu\/wp-json\/wp\/v2\/media\/242197"}],"wp:attachment":[{"href":"https:\/\/shapeline.at\/hu\/wp-json\/wp\/v2\/media?parent=242183"}],"wp:term":[{"taxonomy":"product_brand","embeddable":true,"href":"https:\/\/shapeline.at\/hu\/wp-json\/wp\/v2\/product_brand?post=242183"},{"taxonomy":"product_cat","embeddable":true,"href":"https:\/\/shapeline.at\/hu\/wp-json\/wp\/v2\/product_cat?post=242183"},{"taxonomy":"product_tag","embeddable":true,"href":"https:\/\/shapeline.at\/hu\/wp-json\/wp\/v2\/product_tag?post=242183"}],"curies":[{"name":"wp","href":"https:\/\/api.w.org\/{rel}","templated":true}]}}

<p>Az intenzív <strong>Cello Gel közepes</strong> kiváló minőségű növényi hatóanyagokat és természetes illóolajokat tartalmaz, amelyek stimulálják a szervezet saját zsírsejtjeit és a kötőszöveti kollagénrostokat. A has, a lábak és a fenék úgynevezett problémás területei így újra formába kerülnek.</p>
<p>A gél használatának meggyőző eredménye a testtekercselés azonnal látható kozmetikai bőrhatása.</p>
<h3><strong>Összetevők</strong></h3>
<p>A Cello Gel médium alapját válogatott növényi hatóanyagok és természetes olajok alkotják. Minden összetevő megfelel a jelenlegi termelési állapotnak, és a benne lévő illatanyagok mind természetes eredetűek. Gélünk gyártása rendszeresen követi az új tudományos eredményeket, amelyeket folyamatosan beépítünk receptúráinkba.</p>
<h3><strong>Alkalmazás</strong></h3>
<p>A gélközeget takarékosan és egyenletesen vigye fel a testre. Az első fázis után a Cello Gel medium hatékony második összetevője a felépítő rendszernek.</p>
<ul>
<li>1. FÁZIS - Cello Gel soft</li>
<li><strong>2. FÁZIS - Cello Gel medium</strong></li>
<li>3. FÁZIS - Cselló gél erős</li>
<li>KEZELÉS UTÁN - Cello krém Aloe Vera</li>
</ul>
<p>Egyszerű, hatékony és meggyőző a jó közérzetű alakhoz vezető úton - könnyen használható és ideális otthoni használatra.</p>

<p>Az intenzív <strong>Cello Gel közepes</strong> kiváló minőségű növényi hatóanyagokat és természetes illóolajokat tartalmaz, amelyek stimulálják a szervezet saját zsírsejtjeit és a kötőszöveti kollagénrostokat. A has, a lábak és a fenék úgynevezett problémás területei így újra formába kerülnek. A gél használatának meggyőző eredménye a testtekercselés azonnal látható kozmetikai bőrhatása.</p>
