{"id":242193,"date":"2023-09-21T13:59:46","date_gmt":"2023-09-21T13:59:46","guid":{"rendered":"https:\/\/shop.devepu.apollo.wpspace.me\/product\/cello-cream-aloe-vera-1000ml\/"},"modified":"2024-01-13T07:54:32","modified_gmt":"2024-01-13T06:54:32","slug":"cello-cream-aloe-vera-1000ml","status":"publish","type":"product","link":"https:\/\/shapeline.at\/hu\/termek\/cello-cream-aloe-vera-1000ml\/","title":{"rendered":"Cello Cream Aloe Vera &#8211; 1000ml"},"content":{"rendered":"<p>A <strong>Cello kr\u00e9m Aloe Vera<\/strong> a kezel\u00e9sek ut\u00e1ni ut\u00f3kezel\u00e9sre \u00e9s a kezel\u00e9sek ut\u00e1ni v\u00e9gs\u0151 \u00e1pol\u00e1sra szolg\u00e1l. Gyeng\u00e9d hat\u00e1s\u00e1nak k\u00f6sz\u00f6nhet\u0151en t\u00f6k\u00e9letesen haszn\u00e1lhat\u00f3 testtekercsel\u00e9s ut\u00e1n, de olyan kezel\u00e9sek ut\u00e1n is, mint a gyant\u00e1z\u00e1s, gyant\u00e1z\u00e1s vagy napoz\u00e1s. A kr\u00e9m<\/p>\n<ul>\n<li>Nyugtatja \u00e9s \u00e1polja a b\u0151rt<\/li>\n<li>Elegend\u0151 nedvess\u00e9get biztos\u00edt<\/li>\n<\/ul>\n<h3><strong>\u00d6sszetev\u0151k<\/strong><\/h3>\n<p>V\u00e1logatott n\u00f6v\u00e9nyi hat\u00f3anyagok \u00e9s term\u00e9szetes olajok k\u00e9pezik a Cello Cream Aloe Vera alapj\u00e1t. Minden \u00f6sszetev\u0151 megfelel a jelenlegi termel\u00e9si \u00e1llapotnak, \u00e9s a benne l\u00e9v\u0151 illatanyagok mind term\u00e9szetes eredet\u0171ek. Kr\u00e9m\u00fcnk gy\u00e1rt\u00e1sa rendszeresen k\u00f6veti az \u00faj tudom\u00e1nyos eredm\u00e9nyeket, amelyeket folyamatosan be\u00e9p\u00edt\u00fcnk recept\u00far\u00e1inkba.<\/p>\n<h3><strong>Alkalmaz\u00e1s<\/strong><\/h3>\n<p>A Cello Cream Aloe Vera kr\u00e9met nyugtat\u00f3 ut\u00f3kezel\u00e9sk\u00e9nt \u00e9s befejez\u0151 kezel\u00e9sk\u00e9nt haszn\u00e1ljuk a testtekercsel\u00e9s ut\u00e1n. K\u00edm\u00e9letesen \u00e9s egyenletesen kell felvinni a testre.<\/p>\n<ul>\n<li>1. F\u00c1ZIS - Cello Gel Soft<\/li>\n<li>2. F\u00c1ZIS - Cello Gel Medium<\/li>\n<li>3. F\u00c1ZIS - Cello Gel Strong<\/li>\n<li><strong>KEZEL\u00c9S UT\u00c1N - Cello kr\u00e9m Aloe Vera<\/strong><\/li>\n<\/ul>\n<p>A Cello Cream Aloe Vera kr\u00e9met kifejezetten otthoni kezel\u00e9sre \u00e9s haszn\u00e1latra tervezt\u00fck.<\/p>","protected":false},"excerpt":{"rendered":"<p>Die Cello Cream Aloe Vera ist zur Nachbehandlung und Abschlusspflege nach Anwendungen vorgesehen. Durch ihre sanfte Wirkung ist sie nach<\/p>","protected":false},"featured_media":242194,"template":"","meta":[],"product_brand":[],"product_cat":[103,298,299],"product_tag":[],"class_list":{"0":"post-242193","1":"product","2":"type-product","3":"status-publish","4":"has-post-thumbnail","6":"product_cat-aktuelle-angebote","7":"product_cat-b2b_fgs","8":"product_cat-kabinenprodukte","10":"first","11":"instock","12":"taxable","13":"shipping-taxable","14":"product-type-simple"},"_links":{"self":[{"href":"https:\/\/shapeline.at\/hu\/wp-json\/wp\/v2\/product\/242193","targetHints":{"allow":["GET"]}}],"collection":[{"href":"https:\/\/shapeline.at\/hu\/wp-json\/wp\/v2\/product"}],"about":[{"href":"https:\/\/shapeline.at\/hu\/wp-json\/wp\/v2\/types\/product"}],"version-history":[{"count":5,"href":"https:\/\/shapeline.at\/hu\/wp-json\/wp\/v2\/product\/242193\/revisions"}],"predecessor-version":[{"id":242594,"href":"https:\/\/shapeline.at\/hu\/wp-json\/wp\/v2\/product\/242193\/revisions\/242594"}],"wp:featuredmedia":[{"embeddable":true,"href":"https:\/\/shapeline.at\/hu\/wp-json\/wp\/v2\/media\/242194"}],"wp:attachment":[{"href":"https:\/\/shapeline.at\/hu\/wp-json\/wp\/v2\/media?parent=242193"}],"wp:term":[{"taxonomy":"product_brand","embeddable":true,"href":"https:\/\/shapeline.at\/hu\/wp-json\/wp\/v2\/product_brand?post=242193"},{"taxonomy":"product_cat","embeddable":true,"href":"https:\/\/shapeline.at\/hu\/wp-json\/wp\/v2\/product_cat?post=242193"},{"taxonomy":"product_tag","embeddable":true,"href":"https:\/\/shapeline.at\/hu\/wp-json\/wp\/v2\/product_tag?post=242193"}],"curies":[{"name":"wp","href":"https:\/\/api.w.org\/{rel}","templated":true}]}}

<p>A <strong>Cello krém Aloe Vera</strong> a kezelések utáni utókezelésre és a kezelések utáni végső ápolásra szolgál. Gyengéd hatásának köszönhetően tökéletesen használható testtekercselés után, de olyan kezelések után is, mint a gyantázás, gyantázás vagy napozás. A krém</p>
<ul>
<li>Nyugtatja és ápolja a bőrt</li>
<li>Elegendő nedvességet biztosít</li>
</ul>
<h3><strong>Összetevők</strong></h3>
<p>Válogatott növényi hatóanyagok és természetes olajok képezik a Cello Cream Aloe Vera alapját. Minden összetevő megfelel a jelenlegi termelési állapotnak, és a benne lévő illatanyagok mind természetes eredetűek. Krémünk gyártása rendszeresen követi az új tudományos eredményeket, amelyeket folyamatosan beépítünk receptúráinkba.</p>
<h3><strong>Alkalmazás</strong></h3>
<p>A Cello Cream Aloe Vera krémet nyugtató utókezelésként és befejező kezelésként használjuk a testtekercselés után. Kíméletesen és egyenletesen kell felvinni a testre.</p>
<ul>
<li>1. FÁZIS - Cello Gel Soft</li>
<li>2. FÁZIS - Cello Gel Medium</li>
<li>3. FÁZIS - Cello Gel Strong</li>
<li><strong>KEZELÉS UTÁN - Cello krém Aloe Vera</strong></li>
</ul>
<p>A Cello Cream Aloe Vera krémet kifejezetten otthoni kezelésre és használatra terveztük.</p>
